{"id":20526,"date":"2026-04-21T16:14:45","date_gmt":"2026-04-21T16:14:45","guid":{"rendered":"https:\/\/mactravel.com.uy\/?post_type=product&#038;p=20526"},"modified":"2026-04-24T20:53:02","modified_gmt":"2026-04-24T20:53:02","slug":"bella-italia-14-dias","status":"publish","type":"product","link":"https:\/\/mactravel.com.uy\/?product=bella-italia-14-dias","title":{"rendered":"Bella Italia -14 D\u00edas"},"content":{"rendered":"<section class=\"text-token-text-primary w-full focus:outline-none [--shadow-height:45px] has-data-writing-block:pointer-events-none has-data-writing-block:-mt-(--shadow-height) has-data-writing-block:pt-(--shadow-height) [&amp;:has([data-writing-block])&gt;*]:pointer-events-auto [content-visibility:auto] supports-[content-visibility:auto]:[contain-intrinsic-size:auto_100lvh] R6Vx5W_threadScrollVars scroll-mb-[calc(var(--scroll-root-safe-area-inset-bottom,0px)+var(--thread-response-height))] scroll-mt-[calc(var(--header-height)+min(200px,max(70px,20svh)))]\" dir=\"auto\" data-turn-id=\"request-WEB:1363b3d6-9c75-4a39-b72c-0567a5cb0518-4\" data-testid=\"conversation-turn-10\" data-scroll-anchor=\"false\" data-turn=\"assistant\">\n<div class=\"text-base my-auto mx-auto pb-10 [--thread-content-margin:var(--thread-content-margin-xs,calc(var(--spacing)*4))] @w-sm\/main:[--thread-content-margin:var(--thread-content-margin-sm,calc(var(--spacing)*6))] @w-lg\/main:[--thread-content-margin:var(--thread-content-margin-lg,calc(var(--spacing)*16))] px-(--thread-content-margin)\">\n<div class=\"[--thread-content-max-width:40rem] @w-lg\/main:[--thread-content-max-width:48rem] mx-auto max-w-(--thread-content-max-width) flex-1 group\/turn-messages focus-visible:outline-hidden relative flex w-full min-w-0 flex-col agent-turn\">\n<div class=\"flex max-w-full flex-col gap-4 grow\">\n<div class=\"min-h-8 text-message relative flex w-full flex-col items-end gap-2 text-start break-words whitespace-normal outline-none keyboard-focused:focus-ring [.text-message+&amp;]:mt-1\" dir=\"auto\" tabindex=\"0\" data-message-author-role=\"assistant\" data-message-id=\"c1cf0842-25d3-476f-95d0-d36ebb550a08\" data-message-model-slug=\"gpt-5-3\" data-turn-start-message=\"true\">\n<div class=\"flex w-full flex-col gap-1 empty:hidden\">\n<div class=\"markdown prose dark:prose-invert w-full wrap-break-word light markdown-new-styling\"><\/div>\n<\/div>\n<\/div>\n<\/div>\n<div class=\"z-0 flex min-h-[46px] justify-start\">\n<h2 data-section-id=\"1os3xjl\" data-start=\"131\" data-end=\"175\">Italia: viaje grupal en septiembre<\/h2>\n<p data-start=\"177\" data-end=\"271\">Este viaje a Italia es ideal para recorrer en grupo.<br data-start=\"229\" data-end=\"232\" \/>Combina cultura, historia y descanso.<\/p>\n<p data-start=\"273\" data-end=\"334\">El programa est\u00e1 bien organizado.<br data-start=\"306\" data-end=\"309\" \/>Todo es simple y claro.<\/p>\n<p data-start=\"336\" data-end=\"388\">Viajar as\u00ed es m\u00e1s c\u00f3modo.<br data-start=\"361\" data-end=\"364\" \/>Tambi\u00e9n es m\u00e1s seguro.<\/p>\n<hr data-start=\"390\" data-end=\"393\" \/>\n<h2 data-section-id=\"ncxvzy\" data-start=\"395\" data-end=\"441\">\ud83c\udfdb\ufe0f Italia y sus ciudades m\u00e1s importantes<\/h2>\n<p data-start=\"443\" data-end=\"514\">Este circuito recorre destinos \u00fanicos.<br data-start=\"481\" data-end=\"484\" \/>Cada ciudad tiene su estilo.<\/p>\n<p data-start=\"516\" data-end=\"614\">Una parada clave es <span class=\"hover:entity-accent entity-underline inline cursor-pointer align-baseline\"><span class=\"whitespace-normal\">Roma<\/span><\/span>.<br data-start=\"574\" data-end=\"577\" \/>Su historia aparece en cada rinc\u00f3n.<\/p>\n<p data-start=\"616\" data-end=\"702\">Tambi\u00e9n visitar\u00e1s <span class=\"hover:entity-accent entity-underline inline cursor-pointer align-baseline\"><span class=\"whitespace-normal\">Florencia<\/span><\/span>.<br data-start=\"672\" data-end=\"675\" \/>El arte domina la ciudad.<\/p>\n<p data-start=\"704\" data-end=\"797\">Otra parada es <span class=\"hover:entity-accent entity-underline inline cursor-pointer align-baseline\"><span class=\"whitespace-normal\">Venecia<\/span><\/span>.<br data-start=\"757\" data-end=\"760\" \/>Sus canales crean un paisaje \u00fanico.<\/p>\n<p data-start=\"799\" data-end=\"875\">El recorrido muestra muchos contrastes.<br data-start=\"838\" data-end=\"841\" \/>Cada lugar aporta algo distinto.<\/p>\n<hr data-start=\"877\" data-end=\"880\" \/>\n<h2 data-section-id=\"qog1qk\" data-start=\"882\" data-end=\"928\">\u2600\ufe0f Italia en septiembre: el mejor momento<\/h2>\n<p data-start=\"930\" data-end=\"991\">Septiembre es un gran mes para viajar.<br data-start=\"968\" data-end=\"971\" \/>El clima es suave.<\/p>\n<p data-start=\"993\" data-end=\"1061\">Se puede caminar sin calor fuerte.<br data-start=\"1027\" data-end=\"1030\" \/>Las visitas se disfrutan m\u00e1s.<\/p>\n<p data-start=\"1063\" data-end=\"1123\">Hay menos turistas que en verano.<br data-start=\"1096\" data-end=\"1099\" \/>Todo es m\u00e1s tranquilo.<\/p>\n<p data-start=\"1125\" data-end=\"1179\">Tambi\u00e9n es ideal para fotos.<br data-start=\"1153\" data-end=\"1156\" \/>La luz es m\u00e1s pareja.<\/p>\n<hr data-start=\"1181\" data-end=\"1184\" \/>\n<h2 data-section-id=\"1gmepx\" data-start=\"1186\" data-end=\"1221\">\ud83d\udc65 Ventajas del viaje en grupo<\/h2>\n<p data-start=\"1223\" data-end=\"1280\">Viajar en grupo es m\u00e1s simple.<br data-start=\"1253\" data-end=\"1256\" \/>Todo est\u00e1 planificado.<\/p>\n<p data-start=\"1282\" data-end=\"1342\">Incluye traslados y coordinaci\u00f3n.<br data-start=\"1315\" data-end=\"1318\" \/>No hay complicaciones.<\/p>\n<p data-start=\"1344\" data-end=\"1403\">Siempre hay asistencia disponible.<br data-start=\"1378\" data-end=\"1381\" \/>Eso da tranquilidad.<\/p>\n<p data-start=\"1405\" data-end=\"1468\">Tambi\u00e9n se comparte la experiencia.<br data-start=\"1440\" data-end=\"1443\" \/>Es f\u00e1cil conocer gente.<\/p>\n<hr data-start=\"1470\" data-end=\"1473\" \/>\n<h2 data-section-id=\"31qfof\" data-start=\"1475\" data-end=\"1506\">\ud83c\udf5d Italia y su gastronom\u00eda<\/h2>\n<p data-start=\"1508\" data-end=\"1574\">La cocina es un gran atractivo.<br data-start=\"1539\" data-end=\"1542\" \/>Cada regi\u00f3n tiene sus sabores.<\/p>\n<p data-start=\"1576\" data-end=\"1643\">Podr\u00e1s probar platos t\u00edpicos.<br data-start=\"1605\" data-end=\"1608\" \/>Pastas, pizzas y recetas locales.<\/p>\n<p data-start=\"1645\" data-end=\"1706\">La comida es parte del viaje.<br data-start=\"1674\" data-end=\"1677\" \/>Se disfruta en cada parada.<\/p>\n<p data-start=\"1708\" data-end=\"1768\">Hay opciones para todos.<br data-start=\"1732\" data-end=\"1735\" \/>Cada uno elige lo que le gusta.<\/p>\n<hr data-start=\"1770\" data-end=\"1773\" \/>\n<h2 data-section-id=\"lneu54\" data-start=\"1775\" data-end=\"1809\">\ud83c\udf04 Paisajes y cultura<\/h2>\n<p data-start=\"1811\" data-end=\"1885\">El viaje combina ciudad y naturaleza.<br data-start=\"1848\" data-end=\"1851\" \/>El paisaje cambia en cada etapa.<\/p>\n<p data-start=\"1887\" data-end=\"1955\">Hay pueblos peque\u00f1os y zonas rurales.<br data-start=\"1924\" data-end=\"1927\" \/>Tambi\u00e9n sitios hist\u00f3ricos.<\/p>\n<p data-start=\"1957\" data-end=\"2020\">Cada lugar es diferente.<br data-start=\"1981\" data-end=\"1984\" \/>Eso hace el viaje m\u00e1s interesante.<\/p>\n<p data-start=\"2022\" data-end=\"2081\">La mezcla es equilibrada.<br data-start=\"2047\" data-end=\"2050\" \/>Aporta variedad al recorrido.<\/p>\n<hr data-start=\"2083\" data-end=\"2086\" \/>\n<h2 data-section-id=\"7er2op\" data-start=\"2088\" data-end=\"2131\">\ud83e\uddf3 Italia con organizaci\u00f3n y comodidad<\/h2>\n<p data-start=\"2133\" data-end=\"2198\">Viajar con un plan ayuda mucho.<br data-start=\"2164\" data-end=\"2167\" \/>Se aprovecha mejor el tiempo.<\/p>\n<p data-start=\"2200\" data-end=\"2267\">Los traslados est\u00e1n incluidos.<br data-start=\"2230\" data-end=\"2233\" \/>Tambi\u00e9n las visitas principales.<\/p>\n<p data-start=\"2269\" data-end=\"2318\">Hay tiempo libre.<br data-start=\"2286\" data-end=\"2289\" \/>Puedes recorrer a tu ritmo.<\/p>\n<p data-start=\"2320\" data-end=\"2371\">El programa es equilibrado.<br data-start=\"2347\" data-end=\"2350\" \/>Evita el cansancio.<\/p>\n<hr data-start=\"2373\" data-end=\"2376\" \/>\n<h2 data-section-id=\"y9207p\" data-start=\"2378\" data-end=\"2423\">\u2708\ufe0f Una experiencia para recordar<\/h2>\n<p data-start=\"2425\" data-end=\"2483\">Es un destino muy completo.<br data-start=\"2452\" data-end=\"2455\" \/>Ofrece historia y cultura.<\/p>\n<p data-start=\"2485\" data-end=\"2552\">Este viaje grupal es una gran opci\u00f3n.<br data-start=\"2522\" data-end=\"2525\" \/>Combina orden y libertad.<\/p>\n<p data-start=\"2554\" data-end=\"2626\">Es ideal para viajar tranquilo.<br data-start=\"2585\" data-end=\"2588\" \/>Tambi\u00e9n para conocer nuevos lugares.<\/p>\n<p data-start=\"2628\" data-end=\"2682\">Cada d\u00eda deja recuerdos.<br data-start=\"2652\" data-end=\"2655\" \/>Es una experiencia \u00fanica.<\/p>\n<h3 data-start=\"3547\" data-end=\"3624\"><span style=\"color: #ff0000;\">M\u00ednimo de 10 pasajeros ,si no se llega a la cantidad se reprogramara fecha\u00a0<\/span><\/h3>\n<p style=\"text-align: center;\" data-start=\"3547\" data-end=\"3624\">Complet\u00e1 tus datos para recibir m\u00e1s informaci\u00f3n<\/p>\n<div class='fluentform ff-default fluentform_wrapper_6 ffs_default_wrap'><form data-form_id=\"6\" id=\"fluentform_6\" class=\"frm-fluent-form fluent_form_6 ff-el-form-top ff_form_instance_6_1 ff-form-loading ffs_default\" data-form_instance=\"ff_form_instance_6_1\" method=\"POST\" ><fieldset  style=\"border: none!important;margin: 0!important;padding: 0!important;background-color: transparent!important;box-shadow: none!important;outline: none!important; min-inline-size: 100%;\">\n                    <legend class=\"ff_screen_reader_title\" style=\"display: block; margin: 0!important;padding: 0!important;height: 0!important;text-indent: -999999px;width: 0!important;overflow:hidden;\">formulario leads<\/legend><p style=\"display: none !important;\" class=\"akismet-fields-container\" data-prefix=\"ak_\"><label>&#916;<textarea name=\"ak_hp_textarea\" cols=\"45\" rows=\"8\" maxlength=\"100\"><\/textarea><\/label><input type=\"hidden\" id=\"ak_js_1\" name=\"ak_js\" value=\"34\"\/><script>\ndocument.getElementById( \"ak_js_1\" ).setAttribute( \"value\", ( new Date() ).getTime() );\n<\/script>\n<\/p><input type='hidden' name='__fluent_form_embded_post_id' value='20526' \/><input type=\"hidden\" id=\"_fluentform_6_fluentformnonce\" name=\"_fluentform_6_fluentformnonce\" value=\"c1ace8cf80\" \/><input type=\"hidden\" name=\"_wp_http_referer\" value=\"\/index.php?rest_route=%2Fwp%2Fv2%2Fproduct%2F20526\" \/><div data-type=\"name-element\" data-name=\"names\" class=\" ff-field_container ff-name-field-wrapper\" ><div class='ff-t-container'><div class='ff-t-cell '><div class='ff-el-group ff-el-form-top'><div class=\"ff-el-input--label ff-el-is-required asterisk-right\"><label for='ff_6_names_first_name_' id='label_ff_6_names_first_name_' >Nombre<\/label><\/div><div class='ff-el-input--content'><input type=\"text\" name=\"names[first_name]\" id=\"ff_6_names_first_name_\" class=\"ff-el-form-control\" placeholder=\"Introduce tu nombre\" aria-invalid=\"false\" aria-required=true><\/div><\/div><\/div><div class='ff-t-cell '><div class='ff-el-group ff-el-form-top'><div class=\"ff-el-input--label asterisk-right\"><label for='ff_6_names_last_name_' id='label_ff_6_names_last_name_' >Apellidos<\/label><\/div><div class='ff-el-input--content'><input type=\"text\" name=\"names[last_name]\" id=\"ff_6_names_last_name_\" class=\"ff-el-form-control\" placeholder=\"Introduce tus apellidos\" aria-invalid=\"false\" aria-required=false><\/div><\/div><\/div><\/div><\/div><div class='ff-el-group'><div class=\"ff-el-input--label ff-el-is-required asterisk-right\"><label for='ff_6_email' id='label_ff_6_email' aria-label=\"Email\">Email<\/label><\/div><div class='ff-el-input--content'><input type=\"email\" name=\"email\" id=\"ff_6_email\" class=\"ff-el-form-control\" placeholder=\"Direcci\u00f3n de Correo Electr\u00f3nico\" data-name=\"email\"  aria-invalid=\"false\" aria-required=true><\/div><\/div><div class='ff-el-group'><div class=\"ff-el-input--label ff-el-is-required asterisk-right\"><label for='ff_6_smart_phone_field' id='label_ff_6_smart_phone_field' aria-label=\"Celular\">Celular<\/label><\/div><div class='ff-el-input--content'><div class='ff-el-spf--content'><span class='spf-phone error-msg hide'><\/span><span class='spf-phone valid-msg hide'><\/span><input name=\"smart_phone_field\" class=\"ff-el-form-control ff-el-spf-input\" type=\"tel\" data-name=\"smart_phone_field\" id=\"ff_6_smart_phone_field\"  aria-invalid='false' aria-required=true \/><\/div><\/div><\/div><div class='ff-el-group'><div class=\"ff-el-input--label asterisk-right\"><label for='ff_6_multi_select' id='label_ff_6_multi_select' aria-label=\"\u00bfCu\u00e1ntas personas viajar\u00edan?\">\u00bfCu\u00e1ntas personas viajar\u00edan?<\/label><\/div><div class='ff-el-input--content'><select name=\"multi_select[]\" id=\"ff_6_multi_select\" class=\"ff-el-form-control  ff_has_multi_select\" multiple=\"1\" data-name=\"multi_select\" data-calc_value=\"0\"  aria-invalid=\"false\" aria-required=\"false\" aria-labelledby=\"label_ff_6_multi_select\"><option value=\"Solo\/a\"  >Solo\/a<\/option><option value=\"Con Acompa\u00f1ante\"  >Con Acompa\u00f1ante<\/option><option value=\"Familia\/Grupo\"  >Familia\/Grupo<\/option><\/select><\/div><\/div><div class='ff-el-group'><div class=\"ff-el-input--label asterisk-right\"><label for='ff_6_dropdown' id='label_ff_6_dropdown' aria-label=\"\u00bfC\u00f3mo deseas avanzar con la reserva?\">\u00bfC\u00f3mo deseas avanzar con la reserva?<\/label><\/div><div class='ff-el-input--content'><select name=\"dropdown\" id=\"ff_6_dropdown\" class=\"ff-el-form-control\" data-name=\"dropdown\" data-calc_value=\"0\"  aria-invalid=\"false\" aria-required=\"false\" aria-labelledby=\"label_ff_6_dropdown\"><option value=\"\">- Seleccione una opci\u00f3n -<\/option><option value=\"Quiero reservar y asegurar mi lugar\"  >Quiero reservar y asegurar mi lugar<\/option><option value=\"Quiero recibir cotizaci\u00f3n final antes de pagar\"  >Quiero recibir cotizaci\u00f3n final antes de pagar<\/option><\/select><\/div><\/div><div class='ff-el-group'><div class=\"ff-el-input--label ff-el-is-required asterisk-right\"><label for='ff_6_input_text' id='label_ff_6_input_text' aria-label=\"Notas\">Notas<\/label><\/div><div class='ff-el-input--content'><input type=\"text\" name=\"input_text\" class=\"ff-el-form-control\" placeholder=\"Datos Extra para Mac Travel\" data-name=\"input_text\" id=\"ff_6_input_text\"  aria-invalid=\"false\" aria-required=true><\/div><\/div><div class='ff-el-group ff-text-center ff_submit_btn_wrapper'><button type=\"submit\" class=\"ff-btn ff-btn-submit ff-btn-lg ff_btn_style\"  aria-label=\"Quiero Viajar\">Quiero Viajar<\/button><\/div><\/fieldset><\/form><div id='fluentform_6_errors' class='ff-errors-in-stack ff_form_instance_6_1 ff-form-loading_errors ff_form_instance_6_1_errors'><\/div><\/div>            <script type=\"text\/javascript\">\n                window.fluent_form_ff_form_instance_6_1 = {\"id\":\"6\",\"ajaxUrl\":\"https:\\\/\\\/mactravel.com.uy\\\/wp-admin\\\/admin-ajax.php\",\"settings\":{\"layout\":{\"labelPlacement\":\"top\",\"asteriskPlacement\":\"asterisk-right\",\"helpMessagePlacement\":\"with_label\",\"errorMessagePlacement\":\"inline\",\"cssClassName\":\"\"},\"restrictions\":{\"denyEmptySubmission\":{\"enabled\":false}}},\"form_instance\":\"ff_form_instance_6_1\",\"form_id_selector\":\"fluentform_6\",\"rules\":{\"names[first_name]\":{\"required\":{\"value\":true,\"message\":\"Este campo es obligatorio\",\"global_message\":\"Este campo es obligatorio\",\"global\":true}},\"names[middle_name]\":{\"required\":{\"value\":false,\"message\":\"Este campo es obligatorio\",\"global_message\":\"Este campo es obligatorio\",\"global\":true}},\"names[last_name]\":{\"required\":{\"value\":false,\"message\":\"Este campo es obligatorio\",\"global_message\":\"Este campo es obligatorio\",\"global\":true}},\"email\":{\"required\":{\"value\":true,\"message\":\"Este campo es obligatorio\",\"global_message\":\"Este campo es obligatorio\",\"global\":true},\"email\":{\"value\":true,\"message\":\"Este campo debe contener un correo electr\\u00f3nico v\\u00e1lido\",\"global_message\":\"Este campo debe contener un correo electr\\u00f3nico v\\u00e1lido\",\"global\":true}},\"smart_phone_field\":{\"required\":{\"value\":true,\"message\":\"Este campo es obligatorio.\",\"global\":false,\"global_message\":\"Este campo es obligatorio\"},\"validate_number\":{\"value\":false,\"message\":\"Phone number is not valid\",\"global\":false,\"global_message\":\"\"}},\"multi_select\":{\"required\":{\"value\":false,\"message\":\"Este campo es obligatorio\",\"global_message\":\"Este campo es obligatorio\",\"global\":true}},\"dropdown\":{\"required\":{\"value\":false,\"message\":\"Este campo es obligatorio\",\"global_message\":\"Este campo es obligatorio\",\"global\":true}},\"input_text\":{\"required\":{\"value\":true,\"message\":\"Este campo es obligatorio\",\"global_message\":\"Este campo es obligatorio\",\"global\":true}}},\"debounce_time\":300};\n                            <\/script>\n            \n<\/div>\n<div class=\"mt-3 w-full empty:hidden\">\n<div class=\"text-center\"><\/div>\n<\/div>\n<\/div>\n<\/div>\n<\/section>\n<div class=\"pointer-events-none -mt-px h-px translate-y-[calc(var(--scroll-root-safe-area-inset-bottom)-14*var(--spacing))]\" aria-hidden=\"true\"><\/div>\n","protected":false},"excerpt":{"rendered":"<h2 data-start=\"324\" data-end=\"473\">Salida grupal 01 septiembre &#8211; 14 d\u00edas<\/h2>\n<p data-start=\"324\" data-end=\"473\">Viaja a Italia en septiembre con una salida grupal y recorre sus ciudades m\u00e1s emblem\u00e1ticas con gu\u00eda acompa\u00f1ante en una experiencia \u00fanica<\/p>\n<p data-start=\"324\" data-end=\"473\"><span dir=\"auto\" style=\"vertical-align: inherit;\"><span dir=\"auto\" style=\"vertical-align: inherit;\">M-SDV-009<\/span><\/span><\/p>\n","protected":false},"featured_media":20527,"comment_status":"closed","ping_status":"closed","template":"","meta":{"om_disable_all_campaigns":false,"_monsterinsights_skip_tracking":false,"_monsterinsights_sitenote_active":false,"_monsterinsights_sitenote_note":"","_monsterinsights_sitenote_category":0},"product_brand":[],"product_cat":[401,59,136,141,352],"product_tag":[],"class_list":{"0":"post-20526","1":"product","2":"type-product","3":"status-publish","4":"has-post-thumbnail","6":"product_cat-401","7":"product_cat-europa","8":"product_cat-italia","9":"product_cat-salidas-grupales","10":"product_cat-septiembre-2026","12":"first","13":"instock","14":"shipping-taxable","15":"product-type-simple"},"aioseo_notices":[],"featured_media_urls":{"thumbnail":["https:\/\/mactravel.com.uy\/wp-content\/uploads\/2026\/04\/pexels-luigi-matta-1107491-31902367-150x150.jpg",150,150,true],"medium":["https:\/\/mactravel.com.uy\/wp-content\/uploads\/2026\/04\/pexels-luigi-matta-1107491-31902367-225x300.jpg",225,300,true],"medium_large":["https:\/\/mactravel.com.uy\/wp-content\/uploads\/2026\/04\/pexels-luigi-matta-1107491-31902367-scaled.jpg",768,1024,false],"large":["https:\/\/mactravel.com.uy\/wp-content\/uploads\/2026\/04\/pexels-luigi-matta-1107491-31902367-768x1024.jpg",768,1024,true],"1536x1536":["https:\/\/mactravel.com.uy\/wp-content\/uploads\/2026\/04\/pexels-luigi-matta-1107491-31902367-scaled-1152x1536.jpg",1152,1536,true],"2048x2048":["https:\/\/mactravel.com.uy\/wp-content\/uploads\/2026\/04\/pexels-luigi-matta-1107491-31902367-scaled-1536x2048.jpg",1536,2048,true],"inspiro-featured-image":["https:\/\/mactravel.com.uy\/wp-content\/uploads\/2026\/04\/pexels-luigi-matta-1107491-31902367-2000x2667.jpg",2000,2667,true],"inspiro-loop":["https:\/\/mactravel.com.uy\/wp-content\/uploads\/2026\/04\/pexels-luigi-matta-1107491-31902367-950x320.jpg",950,320,true],"inspiro-loop@2x":["https:\/\/mactravel.com.uy\/wp-content\/uploads\/2026\/04\/pexels-luigi-matta-1107491-31902367-1900x640.jpg",1900,640,true],"woocommerce_thumbnail":["https:\/\/mactravel.com.uy\/wp-content\/uploads\/2026\/04\/pexels-luigi-matta-1107491-31902367-scaled-300x300.jpg",300,300,true],"woocommerce_single":["https:\/\/mactravel.com.uy\/wp-content\/uploads\/2026\/04\/pexels-luigi-matta-1107491-31902367-scaled-600x800.jpg",600,800,true],"woocommerce_gallery_thumbnail":["https:\/\/mactravel.com.uy\/wp-content\/uploads\/2026\/04\/pexels-luigi-matta-1107491-31902367-scaled-100x100.jpg",100,100,true],"portfolio_item-thumbnail":["https:\/\/mactravel.com.uy\/wp-content\/uploads\/2026\/04\/pexels-luigi-matta-1107491-31902367-scaled-600x400.jpg",600,400,true],"portfolio_item-thumbnail@2x":["https:\/\/mactravel.com.uy\/wp-content\/uploads\/2026\/04\/pexels-luigi-matta-1107491-31902367-scaled-1200x800.jpg",1200,800,true],"portfolio_item-masonry":["https:\/\/mactravel.com.uy\/wp-content\/uploads\/2026\/04\/pexels-luigi-matta-1107491-31902367-scaled-600x800.jpg",600,800,true],"portfolio_item-masonry@2x":["https:\/\/mactravel.com.uy\/wp-content\/uploads\/2026\/04\/pexels-luigi-matta-1107491-31902367-scaled-1200x1600.jpg",1200,1600,true],"portfolio_item-thumbnail_cinema":["https:\/\/mactravel.com.uy\/wp-content\/uploads\/2026\/04\/pexels-luigi-matta-1107491-31902367-scaled-800x335.jpg",800,335,true],"portfolio_item-thumbnail_portrait":["https:\/\/mactravel.com.uy\/wp-content\/uploads\/2026\/04\/pexels-luigi-matta-1107491-31902367-scaled-600x900.jpg",600,900,true],"portfolio_item-thumbnail_portrait@2x":["https:\/\/mactravel.com.uy\/wp-content\/uploads\/2026\/04\/pexels-luigi-matta-1107491-31902367-scaled-1200x1800.jpg",1200,1800,true],"portfolio_item-thumbnail_square":["https:\/\/mactravel.com.uy\/wp-content\/uploads\/2026\/04\/pexels-luigi-matta-1107491-31902367-scaled-800x800.jpg",800,800,true]},"_links":{"self":[{"href":"https:\/\/mactravel.com.uy\/index.php?rest_route=\/wp\/v2\/product\/20526","targetHints":{"allow":["GET"]}}],"collection":[{"href":"https:\/\/mactravel.com.uy\/index.php?rest_route=\/wp\/v2\/product"}],"about":[{"href":"https:\/\/mactravel.com.uy\/index.php?rest_route=\/wp\/v2\/types\/product"}],"replies":[{"embeddable":true,"href":"https:\/\/mactravel.com.uy\/index.php?rest_route=%2Fwp%2Fv2%2Fcomments&post=20526"}],"wp:featuredmedia":[{"embeddable":true,"href":"https:\/\/mactravel.com.uy\/index.php?rest_route=\/wp\/v2\/media\/20527"}],"wp:attachment":[{"href":"https:\/\/mactravel.com.uy\/index.php?rest_route=%2Fwp%2Fv2%2Fmedia&parent=20526"}],"wp:term":[{"taxonomy":"product_brand","embeddable":true,"href":"https:\/\/mactravel.com.uy\/index.php?rest_route=%2Fwp%2Fv2%2Fproduct_brand&post=20526"},{"taxonomy":"product_cat","embeddable":true,"href":"https:\/\/mactravel.com.uy\/index.php?rest_route=%2Fwp%2Fv2%2Fproduct_cat&post=20526"},{"taxonomy":"product_tag","embeddable":true,"href":"https:\/\/mactravel.com.uy\/index.php?rest_route=%2Fwp%2Fv2%2Fproduct_tag&post=20526"}],"curies":[{"name":"wp","href":"https:\/\/api.w.org\/{rel}","templated":true}]}}