{"id":20449,"date":"2026-04-14T17:15:42","date_gmt":"2026-04-14T17:15:42","guid":{"rendered":"https:\/\/mactravel.com.uy\/?post_type=product&#038;p=20449"},"modified":"2026-04-21T15:00:57","modified_gmt":"2026-04-21T15:00:57","slug":"balticos-y-polonia-16-dias","status":"publish","type":"product","link":"https:\/\/mactravel.com.uy\/?product=balticos-y-polonia-16-dias","title":{"rendered":"B\u00e1lticos y Polonia &#8211; 16 D\u00edas"},"content":{"rendered":"<h2 data-section-id=\"19zrhnd\" data-start=\"212\" data-end=\"260\">Gran circuito por Polonia y Pa\u00edses B\u00e1lticos<\/h2>\n<p data-start=\"262\" data-end=\"374\">Descubre Europa del Este en un viaje completo de 16 d\u00edas.<br data-start=\"319\" data-end=\"322\" \/>Este circuito une Polonia con los Pa\u00edses B\u00e1lticos.<\/p>\n<p data-start=\"376\" data-end=\"510\">Recorrer\u00e1s ciudades hist\u00f3ricas, paisajes naturales y lugares emblem\u00e1ticos.<br data-start=\"450\" data-end=\"453\" \/>El recorrido comienza en Varsovia y finaliza en Tallin.<\/p>\n<p data-start=\"512\" data-end=\"581\">Es un viaje ideal para quienes buscan cultura, historia y variedad.<\/p>\n<hr data-start=\"583\" data-end=\"586\" \/>\n<h2 data-section-id=\"qdf6s2\" data-start=\"588\" data-end=\"636\">Polonia: historia, cultura y tradici\u00f3n<\/h2>\n<p data-start=\"638\" data-end=\"747\">El viaje comienza en Varsovia, capital de Polonia.<br data-start=\"688\" data-end=\"691\" \/>Visitar\u00e1s su casco hist\u00f3rico y monumentos principales.<\/p>\n<p data-start=\"749\" data-end=\"790\">Tambi\u00e9n recorrer\u00e1s lugares \u00fanicos como:<\/p>\n<ul data-start=\"791\" data-end=\"908\">\n<li data-section-id=\"1jcuie8\" data-start=\"791\" data-end=\"830\">Kazimierz Dolny, ciudad de artistas<\/li>\n<li data-section-id=\"7t0jwi\" data-start=\"831\" data-end=\"869\">Zamosc, Patrimonio de la Humanidad<\/li>\n<li data-section-id=\"17y114u\" data-start=\"870\" data-end=\"908\">Cracovia, antigua capital medieval<\/li>\n<\/ul>\n<p data-start=\"910\" data-end=\"1059\">Adem\u00e1s, conocer\u00e1s el campo de concentraci\u00f3n de Auschwitz.<br data-start=\"967\" data-end=\"970\" \/>Un lugar clave para entender la historia europea.<\/p>\n<hr data-start=\"1061\" data-end=\"1064\" \/>\n<h2 data-section-id=\"cl3k5v\" data-start=\"1066\" data-end=\"1107\">\ud83c\udfde\ufe0f Naturaleza y paisajes de Polonia<\/h2>\n<p data-start=\"1109\" data-end=\"1165\">El circuito incluye regiones naturales impresionantes.<\/p>\n<p data-start=\"1167\" data-end=\"1292\">Visitar\u00e1s Masuria, conocida como la regi\u00f3n de los mil lagos.<br data-start=\"1227\" data-end=\"1230\" \/>Tambi\u00e9n recorrer\u00e1s pueblos tradicionales y paisajes rurales.<\/p>\n<p data-start=\"1294\" data-end=\"1351\">Es una combinaci\u00f3n perfecta entre cultura y naturaleza.<\/p>\n<h2 data-section-id=\"2pxyyj\" data-start=\"1358\" data-end=\"1394\">Lituania: Vilnius y Trakai<\/h2>\n<p data-start=\"1396\" data-end=\"1515\">En Vilnius descubrir\u00e1s una ciudad llena de historia.<br data-start=\"1448\" data-end=\"1451\" \/>Su casco antiguo es uno de los m\u00e1s grandes de Europa del Este.<\/p>\n<p data-start=\"1517\" data-end=\"1667\">Tambi\u00e9n podr\u00e1s visitar Trakai, con su famoso castillo en el lago.<br data-start=\"1582\" data-end=\"1585\" \/>Uno de los paisajes m\u00e1s ic\u00f3nicos del pa\u00eds.<\/p>\n<hr data-start=\"1669\" data-end=\"1672\" \/>\n<h2 data-section-id=\"18b3en2\" data-start=\"1674\" data-end=\"1715\">Letonia: Riga, joya del B\u00e1ltico<\/h2>\n<p data-start=\"1717\" data-end=\"1762\">Riga es la capital m\u00e1s grande de la regi\u00f3n.<\/p>\n<p data-start=\"1764\" data-end=\"1859\">Destaca por su arquitectura Art Nouveau.<br data-start=\"1804\" data-end=\"1807\" \/>Su centro hist\u00f3rico es Patrimonio de la Humanidad.<\/p>\n<p data-start=\"1861\" data-end=\"1920\">Tambi\u00e9n visitar\u00e1s el Mercado Central y el barrio moderno.<\/p>\n<h2 data-section-id=\"1fsrct\" data-start=\"1927\" data-end=\"1961\">\u00a0Estonia: Tallin medieval<\/h2>\n<p data-start=\"1963\" data-end=\"2054\">El viaje termina en Tallin.<br data-start=\"1990\" data-end=\"1993\" \/>Una de las ciudades medievales mejor conservadas de Europa.<\/p>\n<p data-start=\"2056\" data-end=\"2127\">Sus murallas, torres y calles empedradas te transportan en el tiempo.<\/p>\n<p data-start=\"2129\" data-end=\"2178\">Opcionalmente podr\u00e1s visitar Helsinki en ferry.<\/p>\n<hr data-start=\"2180\" data-end=\"2183\" \/>\n<h2 data-section-id=\"1j24t4v\" data-start=\"2185\" data-end=\"2229\">\u2728 Un viaje completo por Pa\u00edses B\u00e1lticos\u00a0 y Polonia<\/h2>\n<p data-start=\"2231\" data-end=\"2288\">Este circuito combina varios destinos en un solo viaje.<\/p>\n<p data-start=\"2290\" data-end=\"2410\">Incluye visitas guiadas, hoteles y transporte.<br data-start=\"2336\" data-end=\"2339\" \/>Adem\u00e1s, ofrece excursiones opcionales para enriquecer la experiencia.<\/p>\n<p data-start=\"2412\" data-end=\"2480\">Ideal para quienes quieren conocer lo mejor del B\u00e1ltico y Polonia.<\/p>\n<h3 style=\"text-align: center;\"><strong>Complet\u00e1 tus datos para recibir m\u00e1s informaci\u00f3n<\/strong><\/h3>\n<p style=\"text-align: center;\"><div class='fluentform ff-default fluentform_wrapper_6 ffs_default_wrap'><form data-form_id=\"6\" id=\"fluentform_6\" class=\"frm-fluent-form fluent_form_6 ff-el-form-top ff_form_instance_6_1 ff-form-loading ffs_default\" data-form_instance=\"ff_form_instance_6_1\" method=\"POST\" ><fieldset  style=\"border: none!important;margin: 0!important;padding: 0!important;background-color: transparent!important;box-shadow: none!important;outline: none!important; min-inline-size: 100%;\">\n                    <legend class=\"ff_screen_reader_title\" style=\"display: block; margin: 0!important;padding: 0!important;height: 0!important;text-indent: -999999px;width: 0!important;overflow:hidden;\">formulario leads<\/legend><p style=\"display: none !important;\" class=\"akismet-fields-container\" data-prefix=\"ak_\"><label>&#916;<textarea name=\"ak_hp_textarea\" cols=\"45\" rows=\"8\" maxlength=\"100\"><\/textarea><\/label><input type=\"hidden\" id=\"ak_js_1\" name=\"ak_js\" value=\"49\"\/><script>\ndocument.getElementById( \"ak_js_1\" ).setAttribute( \"value\", ( new Date() ).getTime() );\n<\/script>\n<\/p><input type='hidden' name='__fluent_form_embded_post_id' value='20449' \/><input type=\"hidden\" id=\"_fluentform_6_fluentformnonce\" name=\"_fluentform_6_fluentformnonce\" value=\"c1ace8cf80\" \/><input type=\"hidden\" name=\"_wp_http_referer\" value=\"\/index.php?rest_route=%2Fwp%2Fv2%2Fproduct%2F20449\" \/><div data-type=\"name-element\" data-name=\"names\" class=\" ff-field_container ff-name-field-wrapper\" ><div class='ff-t-container'><div class='ff-t-cell '><div class='ff-el-group ff-el-form-top'><div class=\"ff-el-input--label ff-el-is-required asterisk-right\"><label for='ff_6_names_first_name_' id='label_ff_6_names_first_name_' >Nombre<\/label><\/div><div class='ff-el-input--content'><input type=\"text\" name=\"names[first_name]\" id=\"ff_6_names_first_name_\" class=\"ff-el-form-control\" placeholder=\"Introduce tu nombre\" aria-invalid=\"false\" aria-required=true><\/div><\/div><\/div><div class='ff-t-cell '><div class='ff-el-group ff-el-form-top'><div class=\"ff-el-input--label asterisk-right\"><label for='ff_6_names_last_name_' id='label_ff_6_names_last_name_' >Apellidos<\/label><\/div><div class='ff-el-input--content'><input type=\"text\" name=\"names[last_name]\" id=\"ff_6_names_last_name_\" class=\"ff-el-form-control\" placeholder=\"Introduce tus apellidos\" aria-invalid=\"false\" aria-required=false><\/div><\/div><\/div><\/div><\/div><div class='ff-el-group'><div class=\"ff-el-input--label ff-el-is-required asterisk-right\"><label for='ff_6_email' id='label_ff_6_email' aria-label=\"Email\">Email<\/label><\/div><div class='ff-el-input--content'><input type=\"email\" name=\"email\" id=\"ff_6_email\" class=\"ff-el-form-control\" placeholder=\"Direcci\u00f3n de Correo Electr\u00f3nico\" data-name=\"email\"  aria-invalid=\"false\" aria-required=true><\/div><\/div><div class='ff-el-group'><div class=\"ff-el-input--label ff-el-is-required asterisk-right\"><label for='ff_6_smart_phone_field' id='label_ff_6_smart_phone_field' aria-label=\"Celular\">Celular<\/label><\/div><div class='ff-el-input--content'><div class='ff-el-spf--content'><span class='spf-phone error-msg hide'><\/span><span class='spf-phone valid-msg hide'><\/span><input name=\"smart_phone_field\" class=\"ff-el-form-control ff-el-spf-input\" type=\"tel\" data-name=\"smart_phone_field\" id=\"ff_6_smart_phone_field\"  aria-invalid='false' aria-required=true \/><\/div><\/div><\/div><div class='ff-el-group'><div class=\"ff-el-input--label asterisk-right\"><label for='ff_6_multi_select' id='label_ff_6_multi_select' aria-label=\"\u00bfCu\u00e1ntas personas viajar\u00edan?\">\u00bfCu\u00e1ntas personas viajar\u00edan?<\/label><\/div><div class='ff-el-input--content'><select name=\"multi_select[]\" id=\"ff_6_multi_select\" class=\"ff-el-form-control  ff_has_multi_select\" multiple=\"1\" data-name=\"multi_select\" data-calc_value=\"0\"  aria-invalid=\"false\" aria-required=\"false\" aria-labelledby=\"label_ff_6_multi_select\"><option value=\"Solo\/a\"  >Solo\/a<\/option><option value=\"Con Acompa\u00f1ante\"  >Con Acompa\u00f1ante<\/option><option value=\"Familia\/Grupo\"  >Familia\/Grupo<\/option><\/select><\/div><\/div><div class='ff-el-group'><div class=\"ff-el-input--label asterisk-right\"><label for='ff_6_dropdown' id='label_ff_6_dropdown' aria-label=\"\u00bfC\u00f3mo deseas avanzar con la reserva?\">\u00bfC\u00f3mo deseas avanzar con la reserva?<\/label><\/div><div class='ff-el-input--content'><select name=\"dropdown\" id=\"ff_6_dropdown\" class=\"ff-el-form-control\" data-name=\"dropdown\" data-calc_value=\"0\"  aria-invalid=\"false\" aria-required=\"false\" aria-labelledby=\"label_ff_6_dropdown\"><option value=\"\">- Seleccione una opci\u00f3n -<\/option><option value=\"Quiero reservar y asegurar mi lugar\"  >Quiero reservar y asegurar mi lugar<\/option><option value=\"Quiero recibir cotizaci\u00f3n final antes de pagar\"  >Quiero recibir cotizaci\u00f3n final antes de pagar<\/option><\/select><\/div><\/div><div class='ff-el-group'><div class=\"ff-el-input--label ff-el-is-required asterisk-right\"><label for='ff_6_input_text' id='label_ff_6_input_text' aria-label=\"Notas\">Notas<\/label><\/div><div class='ff-el-input--content'><input type=\"text\" name=\"input_text\" class=\"ff-el-form-control\" placeholder=\"Datos Extra para Mac Travel\" data-name=\"input_text\" id=\"ff_6_input_text\"  aria-invalid=\"false\" aria-required=true><\/div><\/div><div class='ff-el-group ff-text-center ff_submit_btn_wrapper'><button type=\"submit\" class=\"ff-btn ff-btn-submit ff-btn-lg ff_btn_style\"  aria-label=\"Quiero Viajar\">Quiero Viajar<\/button><\/div><\/fieldset><\/form><div id='fluentform_6_errors' class='ff-errors-in-stack ff_form_instance_6_1 ff-form-loading_errors ff_form_instance_6_1_errors'><\/div><\/div>            <script type=\"text\/javascript\">\n                window.fluent_form_ff_form_instance_6_1 = {\"id\":\"6\",\"ajaxUrl\":\"https:\\\/\\\/mactravel.com.uy\\\/wp-admin\\\/admin-ajax.php\",\"settings\":{\"layout\":{\"labelPlacement\":\"top\",\"asteriskPlacement\":\"asterisk-right\",\"helpMessagePlacement\":\"with_label\",\"errorMessagePlacement\":\"inline\",\"cssClassName\":\"\"},\"restrictions\":{\"denyEmptySubmission\":{\"enabled\":false}}},\"form_instance\":\"ff_form_instance_6_1\",\"form_id_selector\":\"fluentform_6\",\"rules\":{\"names[first_name]\":{\"required\":{\"value\":true,\"message\":\"Este campo es obligatorio\",\"global_message\":\"Este campo es obligatorio\",\"global\":true}},\"names[middle_name]\":{\"required\":{\"value\":false,\"message\":\"Este campo es obligatorio\",\"global_message\":\"Este campo es obligatorio\",\"global\":true}},\"names[last_name]\":{\"required\":{\"value\":false,\"message\":\"Este campo es obligatorio\",\"global_message\":\"Este campo es obligatorio\",\"global\":true}},\"email\":{\"required\":{\"value\":true,\"message\":\"Este campo es obligatorio\",\"global_message\":\"Este campo es obligatorio\",\"global\":true},\"email\":{\"value\":true,\"message\":\"Este campo debe contener un correo electr\\u00f3nico v\\u00e1lido\",\"global_message\":\"Este campo debe contener un correo electr\\u00f3nico v\\u00e1lido\",\"global\":true}},\"smart_phone_field\":{\"required\":{\"value\":true,\"message\":\"Este campo es obligatorio.\",\"global\":false,\"global_message\":\"Este campo es obligatorio\"},\"validate_number\":{\"value\":false,\"message\":\"Phone number is not valid\",\"global\":false,\"global_message\":\"\"}},\"multi_select\":{\"required\":{\"value\":false,\"message\":\"Este campo es obligatorio\",\"global_message\":\"Este campo es obligatorio\",\"global\":true}},\"dropdown\":{\"required\":{\"value\":false,\"message\":\"Este campo es obligatorio\",\"global_message\":\"Este campo es obligatorio\",\"global\":true}},\"input_text\":{\"required\":{\"value\":true,\"message\":\"Este campo es obligatorio\",\"global_message\":\"Este campo es obligatorio\",\"global\":true}}},\"debounce_time\":300};\n                            <\/script>\n            <\/p>\n","protected":false},"excerpt":{"rendered":"<p>Circuito de 16 d\u00edas por Polonia y Pa\u00edses B\u00e1lticos desde Varsovia a Tallin con Cracovia, Riga y paisajes \u00fanicos.<\/p>\n<p>Mac-INT-VB<\/p>\n","protected":false},"featured_media":20450,"comment_status":"closed","ping_status":"closed","template":"","meta":{"om_disable_all_campaigns":false,"_monsterinsights_skip_tracking":false,"_monsterinsights_sitenote_active":false,"_monsterinsights_sitenote_note":"","_monsterinsights_sitenote_category":0},"product_brand":[],"product_cat":[401,59,163],"product_tag":[],"class_list":{"0":"post-20449","1":"product","2":"type-product","3":"status-publish","4":"has-post-thumbnail","6":"product_cat-401","7":"product_cat-europa","8":"product_cat-republicas-balticas","10":"first","11":"instock","12":"shipping-taxable","13":"product-type-simple"},"aioseo_notices":[],"featured_media_urls":{"thumbnail":["https:\/\/mactravel.com.uy\/wp-content\/uploads\/2026\/04\/victor-malyushev-Oirxgq5IyCI-unsplash-150x150.jpg",150,150,true],"medium":["https:\/\/mactravel.com.uy\/wp-content\/uploads\/2026\/04\/victor-malyushev-Oirxgq5IyCI-unsplash-225x300.jpg",225,300,true],"medium_large":["https:\/\/mactravel.com.uy\/wp-content\/uploads\/2026\/04\/victor-malyushev-Oirxgq5IyCI-unsplash-scaled.jpg",768,1024,false],"large":["https:\/\/mactravel.com.uy\/wp-content\/uploads\/2026\/04\/victor-malyushev-Oirxgq5IyCI-unsplash-768x1024.jpg",768,1024,true],"1536x1536":["https:\/\/mactravel.com.uy\/wp-content\/uploads\/2026\/04\/victor-malyushev-Oirxgq5IyCI-unsplash-scaled-1152x1536.jpg",1152,1536,true],"2048x2048":["https:\/\/mactravel.com.uy\/wp-content\/uploads\/2026\/04\/victor-malyushev-Oirxgq5IyCI-unsplash-scaled-1536x2048.jpg",1536,2048,true],"inspiro-featured-image":["https:\/\/mactravel.com.uy\/wp-content\/uploads\/2026\/04\/victor-malyushev-Oirxgq5IyCI-unsplash-2000x2667.jpg",2000,2667,true],"inspiro-loop":["https:\/\/mactravel.com.uy\/wp-content\/uploads\/2026\/04\/victor-malyushev-Oirxgq5IyCI-unsplash-950x320.jpg",950,320,true],"inspiro-loop@2x":["https:\/\/mactravel.com.uy\/wp-content\/uploads\/2026\/04\/victor-malyushev-Oirxgq5IyCI-unsplash-1900x640.jpg",1900,640,true],"woocommerce_thumbnail":["https:\/\/mactravel.com.uy\/wp-content\/uploads\/2026\/04\/victor-malyushev-Oirxgq5IyCI-unsplash-scaled-300x300.jpg",300,300,true],"woocommerce_single":["https:\/\/mactravel.com.uy\/wp-content\/uploads\/2026\/04\/victor-malyushev-Oirxgq5IyCI-unsplash-scaled-600x800.jpg",600,800,true],"woocommerce_gallery_thumbnail":["https:\/\/mactravel.com.uy\/wp-content\/uploads\/2026\/04\/victor-malyushev-Oirxgq5IyCI-unsplash-scaled-100x100.jpg",100,100,true],"portfolio_item-thumbnail":["https:\/\/mactravel.com.uy\/wp-content\/uploads\/2026\/04\/victor-malyushev-Oirxgq5IyCI-unsplash-scaled-600x400.jpg",600,400,true],"portfolio_item-thumbnail@2x":["https:\/\/mactravel.com.uy\/wp-content\/uploads\/2026\/04\/victor-malyushev-Oirxgq5IyCI-unsplash-scaled-1200x800.jpg",1200,800,true],"portfolio_item-masonry":["https:\/\/mactravel.com.uy\/wp-content\/uploads\/2026\/04\/victor-malyushev-Oirxgq5IyCI-unsplash-scaled-600x800.jpg",600,800,true],"portfolio_item-masonry@2x":["https:\/\/mactravel.com.uy\/wp-content\/uploads\/2026\/04\/victor-malyushev-Oirxgq5IyCI-unsplash-scaled-1200x1600.jpg",1200,1600,true],"portfolio_item-thumbnail_cinema":["https:\/\/mactravel.com.uy\/wp-content\/uploads\/2026\/04\/victor-malyushev-Oirxgq5IyCI-unsplash-scaled-800x335.jpg",800,335,true],"portfolio_item-thumbnail_portrait":["https:\/\/mactravel.com.uy\/wp-content\/uploads\/2026\/04\/victor-malyushev-Oirxgq5IyCI-unsplash-scaled-600x900.jpg",600,900,true],"portfolio_item-thumbnail_portrait@2x":["https:\/\/mactravel.com.uy\/wp-content\/uploads\/2026\/04\/victor-malyushev-Oirxgq5IyCI-unsplash-scaled-1200x1800.jpg",1200,1800,true],"portfolio_item-thumbnail_square":["https:\/\/mactravel.com.uy\/wp-content\/uploads\/2026\/04\/victor-malyushev-Oirxgq5IyCI-unsplash-scaled-800x800.jpg",800,800,true]},"_links":{"self":[{"href":"https:\/\/mactravel.com.uy\/index.php?rest_route=\/wp\/v2\/product\/20449","targetHints":{"allow":["GET"]}}],"collection":[{"href":"https:\/\/mactravel.com.uy\/index.php?rest_route=\/wp\/v2\/product"}],"about":[{"href":"https:\/\/mactravel.com.uy\/index.php?rest_route=\/wp\/v2\/types\/product"}],"replies":[{"embeddable":true,"href":"https:\/\/mactravel.com.uy\/index.php?rest_route=%2Fwp%2Fv2%2Fcomments&post=20449"}],"wp:featuredmedia":[{"embeddable":true,"href":"https:\/\/mactravel.com.uy\/index.php?rest_route=\/wp\/v2\/media\/20450"}],"wp:attachment":[{"href":"https:\/\/mactravel.com.uy\/index.php?rest_route=%2Fwp%2Fv2%2Fmedia&parent=20449"}],"wp:term":[{"taxonomy":"product_brand","embeddable":true,"href":"https:\/\/mactravel.com.uy\/index.php?rest_route=%2Fwp%2Fv2%2Fproduct_brand&post=20449"},{"taxonomy":"product_cat","embeddable":true,"href":"https:\/\/mactravel.com.uy\/index.php?rest_route=%2Fwp%2Fv2%2Fproduct_cat&post=20449"},{"taxonomy":"product_tag","embeddable":true,"href":"https:\/\/mactravel.com.uy\/index.php?rest_route=%2Fwp%2Fv2%2Fproduct_tag&post=20449"}],"curies":[{"name":"wp","href":"https:\/\/api.w.org\/{rel}","templated":true}]}}