{"id":20288,"date":"2026-04-01T16:21:31","date_gmt":"2026-04-01T16:21:31","guid":{"rendered":"https:\/\/mactravel.com.uy\/?post_type=product&#038;p=20288"},"modified":"2026-04-15T03:24:01","modified_gmt":"2026-04-15T03:24:01","slug":"cantabria-y-asturias-6-dias","status":"publish","type":"product","link":"https:\/\/mactravel.com.uy\/?product=cantabria-y-asturias-6-dias","title":{"rendered":"Cantabria y Asturias &#8211; 6 d\u00edas"},"content":{"rendered":"<h1 data-section-id=\"16mkgf2\" data-start=\"188\" data-end=\"280\">Cantabria y Asturias: circuito por Picos de Europa, costa cant\u00e1brica y ciudades hist\u00f3ricas<\/h1>\n<p data-start=\"282\" data-end=\"453\">Descubre <strong data-start=\"291\" data-end=\"304\">Cantabria<\/strong> y Asturias en un viaje completo por el norte de Espa\u00f1a.<br data-start=\"360\" data-end=\"363\" \/>Este circuito por Cantabria combina naturaleza, pueblos con encanto y ciudades hist\u00f3ricas.<\/p>\n<p data-start=\"455\" data-end=\"544\">Durante el recorrido conocer\u00e1s paisajes del Cant\u00e1brico, monta\u00f1as y tradiciones del norte.<\/p>\n<h2 data-section-id=\"b4r4a4\" data-start=\"546\" data-end=\"594\">\ud83c\udf04 Picos de Europa entre Cantabria y Asturias<\/h2>\n<p data-start=\"596\" data-end=\"693\">Uno de los grandes atractivos del viaje es la visita a los <span class=\"hover:entity-accent entity-underline inline cursor-pointer align-baseline\"><span class=\"whitespace-normal\">Picos de Europa<\/span><\/span>.<\/p>\n<p data-start=\"695\" data-end=\"803\">Aqu\u00ed se encuentra <span class=\"hover:entity-accent entity-underline inline cursor-pointer align-baseline\"><span class=\"whitespace-normal\">Potes<\/span><\/span>, una villa con arquitectura medieval y gran encanto.<\/p>\n<p data-start=\"805\" data-end=\"932\">Tambi\u00e9n se visita el <span class=\"hover:entity-accent entity-underline inline cursor-pointer align-baseline\"><span class=\"whitespace-normal\">Monasterio de Santo Toribio de Li\u00e9bana<\/span><\/span>.<br data-start=\"864\" data-end=\"867\" \/>Es uno de los centros de peregrinaci\u00f3n m\u00e1s importantes de Espa\u00f1a.<\/p>\n<p data-start=\"934\" data-end=\"1062\">El recorrido contin\u00faa hacia <span class=\"hover:entity-accent entity-underline inline cursor-pointer align-baseline\"><span class=\"whitespace-normal\">Covadonga<\/span><\/span>.<br data-start=\"1000\" data-end=\"1003\" \/>Este lugar destaca por su bas\u00edlica y su famosa Santa Cueva.<\/p>\n<p data-start=\"1064\" data-end=\"1138\">Opcionalmente se pueden visitar los <span class=\"hover:entity-accent entity-underline inline cursor-pointer align-baseline\"><span class=\"whitespace-normal\">Lagos de Covadonga<\/span><\/span>.<\/p>\n<h2 data-section-id=\"1th1bk3\" data-start=\"1140\" data-end=\"1185\">\ud83c\udf0a Costa de Cantabria y pueblos hist\u00f3ricos<\/h2>\n<p data-start=\"1187\" data-end=\"1238\">El circuito contin\u00faa por la costa de <strong data-start=\"1224\" data-end=\"1237\">Cantabria<\/strong>.<\/p>\n<p data-start=\"1240\" data-end=\"1358\">Se visita <span class=\"hover:entity-accent entity-underline inline cursor-pointer align-baseline\"><span class=\"whitespace-normal\">Santillana del Mar<\/span><\/span>.<br data-start=\"1288\" data-end=\"1291\" \/>Este pueblo medieval es uno de los m\u00e1s bonitos del norte de Espa\u00f1a.<\/p>\n<p data-start=\"1360\" data-end=\"1492\">El viaje tambi\u00e9n incluye <span class=\"hover:entity-accent entity-underline inline cursor-pointer align-baseline\"><span class=\"whitespace-normal\">Comillas<\/span><\/span>.<br data-start=\"1423\" data-end=\"1426\" \/>Aqu\u00ed se encuentra el famoso <span class=\"hover:entity-accent entity-underline inline cursor-pointer align-baseline\"><span class=\"whitespace-normal\">El Capricho de Gaud\u00ed<\/span><\/span>.<\/p>\n<p data-start=\"1494\" data-end=\"1620\">Otro destino destacado es <span class=\"hover:entity-accent entity-underline inline cursor-pointer align-baseline\"><span class=\"whitespace-normal\">Santander<\/span><\/span>.<br data-start=\"1558\" data-end=\"1561\" \/>La ciudad combina playas, jardines y arquitectura elegante.<\/p>\n<h2 data-section-id=\"vywcrn\" data-start=\"1622\" data-end=\"1659\">\ud83c\udfd9\ufe0f Asturias: ciudades y tradici\u00f3n<\/h2>\n<p data-start=\"1661\" data-end=\"1695\">El circuito contin\u00faa por Asturias.<\/p>\n<p data-start=\"1697\" data-end=\"1844\">Se visitan <span class=\"hover:entity-accent entity-underline inline cursor-pointer align-baseline\"><span class=\"whitespace-normal\">Oviedo<\/span><\/span> y <span class=\"hover:entity-accent entity-underline inline cursor-pointer align-baseline\"><span class=\"whitespace-normal\">Gij\u00f3n<\/span><\/span>.<br data-start=\"1788\" data-end=\"1791\" \/>Ambas ciudades combinan historia y ambiente marinero.<\/p>\n<p data-start=\"1846\" data-end=\"1956\">Oviedo destaca por su casco antiguo y su catedral.<br data-start=\"1896\" data-end=\"1899\" \/>Gij\u00f3n ofrece un paseo mar\u00edtimo y un ambiente muy animado.<\/p>\n<p data-start=\"1958\" data-end=\"2084\">Tambi\u00e9n se visitan lugares con encanto como <span class=\"hover:entity-accent entity-underline inline cursor-pointer align-baseline\"><span class=\"whitespace-normal\">Tazones<\/span><\/span> y <span class=\"hover:entity-accent entity-underline inline cursor-pointer align-baseline\"><span class=\"whitespace-normal\">Luanco<\/span><\/span>.<\/p>\n<p data-start=\"2086\" data-end=\"2170\">El recorrido incluye adem\u00e1s el espectacular <span class=\"hover:entity-accent entity-underline inline cursor-pointer align-baseline\"><span class=\"whitespace-normal\">Cabo de Pe\u00f1as<\/span><\/span>.<\/p>\n<h2 data-section-id=\"nu1onp\" data-start=\"2172\" data-end=\"2210\">\ud83c\udf7d\ufe0f Gastronom\u00eda t\u00edpica de Cantabria<\/h2>\n<p data-start=\"2212\" data-end=\"2290\">Este circuito por <strong data-start=\"2230\" data-end=\"2243\">Cantabria<\/strong> y Asturias tambi\u00e9n destaca por su gastronom\u00eda.<\/p>\n<p data-start=\"2292\" data-end=\"2354\">Durante el viaje se incluyen almuerzos t\u00edpicos en restaurante.<\/p>\n<p data-start=\"2356\" data-end=\"2438\">Podr\u00e1s probar platos tradicionales del norte.<br data-start=\"2401\" data-end=\"2404\" \/>Tambi\u00e9n la famosa sidra asturiana.<\/p>\n<h2 data-section-id=\"1ysfr0q\" data-start=\"2440\" data-end=\"2480\">\u2708\ufe0f Un circuito completo<\/h2>\n<p data-start=\"2482\" data-end=\"2558\">Este viaje es ideal para descubrir <strong data-start=\"2517\" data-end=\"2530\">Cantabria<\/strong> y Asturias de forma c\u00f3moda.<\/p>\n<p data-start=\"2560\" data-end=\"2615\">Incluye excursiones, visitas guiadas y paisajes \u00fanicos.<\/p>\n<p data-start=\"2617\" data-end=\"2673\">Es una excelente opci\u00f3n para conocer el norte de Espa\u00f1a.<\/p>\n<h3 style=\"text-align: center;\"><strong>Complet\u00e1 tus datos para recibir m\u00e1s informaci\u00f3n<\/strong><\/h3>\n<p style=\"text-align: center;\"><strong><span dir=\"auto\" style=\"vertical-align: inherit;\"><span dir=\"auto\" style=\"vertical-align: inherit;\"><div class='fluentform ff-default fluentform_wrapper_6 ffs_default_wrap'><form data-form_id=\"6\" id=\"fluentform_6\" class=\"frm-fluent-form fluent_form_6 ff-el-form-top ff_form_instance_6_1 ff-form-loading ffs_default\" data-form_instance=\"ff_form_instance_6_1\" method=\"POST\" ><fieldset  style=\"border: none!important;margin: 0!important;padding: 0!important;background-color: transparent!important;box-shadow: none!important;outline: none!important; min-inline-size: 100%;\">\n                    <legend class=\"ff_screen_reader_title\" style=\"display: block; margin: 0!important;padding: 0!important;height: 0!important;text-indent: -999999px;width: 0!important;overflow:hidden;\">formulario leads<\/legend><p style=\"display: none !important;\" class=\"akismet-fields-container\" data-prefix=\"ak_\"><label>&#916;<textarea name=\"ak_hp_textarea\" cols=\"45\" rows=\"8\" maxlength=\"100\"><\/textarea><\/label><input type=\"hidden\" id=\"ak_js_1\" name=\"ak_js\" value=\"41\"\/><script>\ndocument.getElementById( \"ak_js_1\" ).setAttribute( \"value\", ( new Date() ).getTime() );\n<\/script>\n<\/p><input type='hidden' name='__fluent_form_embded_post_id' value='20288' \/><input type=\"hidden\" id=\"_fluentform_6_fluentformnonce\" name=\"_fluentform_6_fluentformnonce\" value=\"c1ace8cf80\" \/><input type=\"hidden\" name=\"_wp_http_referer\" value=\"\/index.php?rest_route=%2Fwp%2Fv2%2Fproduct%2F20288\" \/><div data-type=\"name-element\" data-name=\"names\" class=\" ff-field_container ff-name-field-wrapper\" ><div class='ff-t-container'><div class='ff-t-cell '><div class='ff-el-group ff-el-form-top'><div class=\"ff-el-input--label ff-el-is-required asterisk-right\"><label for='ff_6_names_first_name_' id='label_ff_6_names_first_name_' >Nombre<\/label><\/div><div class='ff-el-input--content'><input type=\"text\" name=\"names[first_name]\" id=\"ff_6_names_first_name_\" class=\"ff-el-form-control\" placeholder=\"Introduce tu nombre\" aria-invalid=\"false\" aria-required=true><\/div><\/div><\/div><div class='ff-t-cell '><div class='ff-el-group ff-el-form-top'><div class=\"ff-el-input--label asterisk-right\"><label for='ff_6_names_last_name_' id='label_ff_6_names_last_name_' >Apellidos<\/label><\/div><div class='ff-el-input--content'><input type=\"text\" name=\"names[last_name]\" id=\"ff_6_names_last_name_\" class=\"ff-el-form-control\" placeholder=\"Introduce tus apellidos\" aria-invalid=\"false\" aria-required=false><\/div><\/div><\/div><\/div><\/div><div class='ff-el-group'><div class=\"ff-el-input--label ff-el-is-required asterisk-right\"><label for='ff_6_email' id='label_ff_6_email' aria-label=\"Email\">Email<\/label><\/div><div class='ff-el-input--content'><input type=\"email\" name=\"email\" id=\"ff_6_email\" class=\"ff-el-form-control\" placeholder=\"Direcci\u00f3n de Correo Electr\u00f3nico\" data-name=\"email\"  aria-invalid=\"false\" aria-required=true><\/div><\/div><div class='ff-el-group'><div class=\"ff-el-input--label ff-el-is-required asterisk-right\"><label for='ff_6_smart_phone_field' id='label_ff_6_smart_phone_field' aria-label=\"Celular\">Celular<\/label><\/div><div class='ff-el-input--content'><div class='ff-el-spf--content'><span class='spf-phone error-msg hide'><\/span><span class='spf-phone valid-msg hide'><\/span><input name=\"smart_phone_field\" class=\"ff-el-form-control ff-el-spf-input\" type=\"tel\" data-name=\"smart_phone_field\" id=\"ff_6_smart_phone_field\"  aria-invalid='false' aria-required=true \/><\/div><\/div><\/div><div class='ff-el-group'><div class=\"ff-el-input--label asterisk-right\"><label for='ff_6_multi_select' id='label_ff_6_multi_select' aria-label=\"\u00bfCu\u00e1ntas personas viajar\u00edan?\">\u00bfCu\u00e1ntas personas viajar\u00edan?<\/label><\/div><div class='ff-el-input--content'><select name=\"multi_select[]\" id=\"ff_6_multi_select\" class=\"ff-el-form-control  ff_has_multi_select\" multiple=\"1\" data-name=\"multi_select\" data-calc_value=\"0\"  aria-invalid=\"false\" aria-required=\"false\" aria-labelledby=\"label_ff_6_multi_select\"><option value=\"Solo\/a\"  >Solo\/a<\/option><option value=\"Con Acompa\u00f1ante\"  >Con Acompa\u00f1ante<\/option><option value=\"Familia\/Grupo\"  >Familia\/Grupo<\/option><\/select><\/div><\/div><div class='ff-el-group'><div class=\"ff-el-input--label asterisk-right\"><label for='ff_6_dropdown' id='label_ff_6_dropdown' aria-label=\"\u00bfC\u00f3mo deseas avanzar con la reserva?\">\u00bfC\u00f3mo deseas avanzar con la reserva?<\/label><\/div><div class='ff-el-input--content'><select name=\"dropdown\" id=\"ff_6_dropdown\" class=\"ff-el-form-control\" data-name=\"dropdown\" data-calc_value=\"0\"  aria-invalid=\"false\" aria-required=\"false\" aria-labelledby=\"label_ff_6_dropdown\"><option value=\"\">- Seleccione una opci\u00f3n -<\/option><option value=\"Quiero reservar y asegurar mi lugar\"  >Quiero reservar y asegurar mi lugar<\/option><option value=\"Quiero recibir cotizaci\u00f3n final antes de pagar\"  >Quiero recibir cotizaci\u00f3n final antes de pagar<\/option><\/select><\/div><\/div><div class='ff-el-group'><div class=\"ff-el-input--label ff-el-is-required asterisk-right\"><label for='ff_6_input_text' id='label_ff_6_input_text' aria-label=\"Notas\">Notas<\/label><\/div><div class='ff-el-input--content'><input type=\"text\" name=\"input_text\" class=\"ff-el-form-control\" placeholder=\"Datos Extra para Mac Travel\" data-name=\"input_text\" id=\"ff_6_input_text\"  aria-invalid=\"false\" aria-required=true><\/div><\/div><div class='ff-el-group ff-text-center ff_submit_btn_wrapper'><button type=\"submit\" class=\"ff-btn ff-btn-submit ff-btn-lg ff_btn_style\"  aria-label=\"Quiero Viajar\">Quiero Viajar<\/button><\/div><\/fieldset><\/form><div id='fluentform_6_errors' class='ff-errors-in-stack ff_form_instance_6_1 ff-form-loading_errors ff_form_instance_6_1_errors'><\/div><\/div>            <script type=\"text\/javascript\">\n                window.fluent_form_ff_form_instance_6_1 = {\"id\":\"6\",\"ajaxUrl\":\"https:\\\/\\\/mactravel.com.uy\\\/wp-admin\\\/admin-ajax.php\",\"settings\":{\"layout\":{\"labelPlacement\":\"top\",\"asteriskPlacement\":\"asterisk-right\",\"helpMessagePlacement\":\"with_label\",\"errorMessagePlacement\":\"inline\",\"cssClassName\":\"\"},\"restrictions\":{\"denyEmptySubmission\":{\"enabled\":false}}},\"form_instance\":\"ff_form_instance_6_1\",\"form_id_selector\":\"fluentform_6\",\"rules\":{\"names[first_name]\":{\"required\":{\"value\":true,\"message\":\"Este campo es obligatorio\",\"global_message\":\"Este campo es obligatorio\",\"global\":true}},\"names[middle_name]\":{\"required\":{\"value\":false,\"message\":\"Este campo es obligatorio\",\"global_message\":\"Este campo es obligatorio\",\"global\":true}},\"names[last_name]\":{\"required\":{\"value\":false,\"message\":\"Este campo es obligatorio\",\"global_message\":\"Este campo es obligatorio\",\"global\":true}},\"email\":{\"required\":{\"value\":true,\"message\":\"Este campo es obligatorio\",\"global_message\":\"Este campo es obligatorio\",\"global\":true},\"email\":{\"value\":true,\"message\":\"Este campo debe contener un correo electr\\u00f3nico v\\u00e1lido\",\"global_message\":\"Este campo debe contener un correo electr\\u00f3nico v\\u00e1lido\",\"global\":true}},\"smart_phone_field\":{\"required\":{\"value\":true,\"message\":\"Este campo es obligatorio.\",\"global\":false,\"global_message\":\"Este campo es obligatorio\"},\"validate_number\":{\"value\":false,\"message\":\"Phone number is not valid\",\"global\":false,\"global_message\":\"\"}},\"multi_select\":{\"required\":{\"value\":false,\"message\":\"Este campo es obligatorio\",\"global_message\":\"Este campo es obligatorio\",\"global\":true}},\"dropdown\":{\"required\":{\"value\":false,\"message\":\"Este campo es obligatorio\",\"global_message\":\"Este campo es obligatorio\",\"global\":true}},\"input_text\":{\"required\":{\"value\":true,\"message\":\"Este campo es obligatorio\",\"global_message\":\"Este campo es obligatorio\",\"global\":true}}},\"debounce_time\":300};\n                            <\/script>\n            <\/span><\/span><\/strong><\/p>\n","protected":false},"excerpt":{"rendered":"<p>Circuito por Cantabria y Asturias con Picos de Europa, Santander, Oviedo y pueblos costeros. Viaje con excursiones incluidas.<\/p>\n<p><span dir=\"auto\" style=\"vertical-align: inherit;\"><span dir=\"auto\" style=\"vertical-align: inherit;\">T4 &#8211; INICIO &#8211; REF 011<\/span><\/span><\/p>\n<p>&nbsp;<\/p>\n","protected":false},"featured_media":20289,"comment_status":"closed","ping_status":"closed","template":"","meta":{"om_disable_all_campaigns":false,"_monsterinsights_skip_tracking":false,"_monsterinsights_sitenote_active":false,"_monsterinsights_sitenote_note":"","_monsterinsights_sitenote_category":0},"product_brand":[],"product_cat":[401,161,59],"product_tag":[],"class_list":{"0":"post-20288","1":"product","2":"type-product","3":"status-publish","4":"has-post-thumbnail","6":"product_cat-401","7":"product_cat-espana","8":"product_cat-europa","10":"first","11":"instock","12":"shipping-taxable","13":"product-type-simple"},"aioseo_notices":[],"featured_media_urls":{"thumbnail":["https:\/\/mactravel.com.uy\/wp-content\/uploads\/2026\/04\/daniel-llorente-s76ooU-88NQ-unsplash-150x150.jpg",150,150,true],"medium":["https:\/\/mactravel.com.uy\/wp-content\/uploads\/2026\/04\/daniel-llorente-s76ooU-88NQ-unsplash-300x200.jpg",300,200,true],"medium_large":["https:\/\/mactravel.com.uy\/wp-content\/uploads\/2026\/04\/daniel-llorente-s76ooU-88NQ-unsplash-scaled.jpg",768,512,false],"large":["https:\/\/mactravel.com.uy\/wp-content\/uploads\/2026\/04\/daniel-llorente-s76ooU-88NQ-unsplash-1024x683.jpg",950,634,true],"1536x1536":["https:\/\/mactravel.com.uy\/wp-content\/uploads\/2026\/04\/daniel-llorente-s76ooU-88NQ-unsplash-scaled-1536x1024.jpg",1536,1024,true],"2048x2048":["https:\/\/mactravel.com.uy\/wp-content\/uploads\/2026\/04\/daniel-llorente-s76ooU-88NQ-unsplash-scaled-2048x1366.jpg",2048,1366,true],"inspiro-featured-image":["https:\/\/mactravel.com.uy\/wp-content\/uploads\/2026\/04\/daniel-llorente-s76ooU-88NQ-unsplash-2000x1333.jpg",2000,1333,true],"inspiro-loop":["https:\/\/mactravel.com.uy\/wp-content\/uploads\/2026\/04\/daniel-llorente-s76ooU-88NQ-unsplash-950x320.jpg",950,320,true],"inspiro-loop@2x":["https:\/\/mactravel.com.uy\/wp-content\/uploads\/2026\/04\/daniel-llorente-s76ooU-88NQ-unsplash-1900x640.jpg",1900,640,true],"woocommerce_thumbnail":["https:\/\/mactravel.com.uy\/wp-content\/uploads\/2026\/04\/daniel-llorente-s76ooU-88NQ-unsplash-scaled-300x300.jpg",300,300,true],"woocommerce_single":["https:\/\/mactravel.com.uy\/wp-content\/uploads\/2026\/04\/daniel-llorente-s76ooU-88NQ-unsplash-scaled-600x400.jpg",600,400,true],"woocommerce_gallery_thumbnail":["https:\/\/mactravel.com.uy\/wp-content\/uploads\/2026\/04\/daniel-llorente-s76ooU-88NQ-unsplash-scaled-100x100.jpg",100,100,true],"portfolio_item-thumbnail":["https:\/\/mactravel.com.uy\/wp-content\/uploads\/2026\/04\/daniel-llorente-s76ooU-88NQ-unsplash-scaled-600x400.jpg",600,400,true],"portfolio_item-thumbnail@2x":["https:\/\/mactravel.com.uy\/wp-content\/uploads\/2026\/04\/daniel-llorente-s76ooU-88NQ-unsplash-scaled-1200x800.jpg",1200,800,true],"portfolio_item-masonry":["https:\/\/mactravel.com.uy\/wp-content\/uploads\/2026\/04\/daniel-llorente-s76ooU-88NQ-unsplash-scaled-600x400.jpg",600,400,true],"portfolio_item-masonry@2x":["https:\/\/mactravel.com.uy\/wp-content\/uploads\/2026\/04\/daniel-llorente-s76ooU-88NQ-unsplash-scaled-1200x800.jpg",1200,800,true],"portfolio_item-thumbnail_cinema":["https:\/\/mactravel.com.uy\/wp-content\/uploads\/2026\/04\/daniel-llorente-s76ooU-88NQ-unsplash-scaled-800x335.jpg",800,335,true],"portfolio_item-thumbnail_portrait":["https:\/\/mactravel.com.uy\/wp-content\/uploads\/2026\/04\/daniel-llorente-s76ooU-88NQ-unsplash-scaled-600x900.jpg",600,900,true],"portfolio_item-thumbnail_portrait@2x":["https:\/\/mactravel.com.uy\/wp-content\/uploads\/2026\/04\/daniel-llorente-s76ooU-88NQ-unsplash-scaled-1200x1707.jpg",1200,1707,true],"portfolio_item-thumbnail_square":["https:\/\/mactravel.com.uy\/wp-content\/uploads\/2026\/04\/daniel-llorente-s76ooU-88NQ-unsplash-scaled-800x800.jpg",800,800,true]},"_links":{"self":[{"href":"https:\/\/mactravel.com.uy\/index.php?rest_route=\/wp\/v2\/product\/20288","targetHints":{"allow":["GET"]}}],"collection":[{"href":"https:\/\/mactravel.com.uy\/index.php?rest_route=\/wp\/v2\/product"}],"about":[{"href":"https:\/\/mactravel.com.uy\/index.php?rest_route=\/wp\/v2\/types\/product"}],"replies":[{"embeddable":true,"href":"https:\/\/mactravel.com.uy\/index.php?rest_route=%2Fwp%2Fv2%2Fcomments&post=20288"}],"wp:featuredmedia":[{"embeddable":true,"href":"https:\/\/mactravel.com.uy\/index.php?rest_route=\/wp\/v2\/media\/20289"}],"wp:attachment":[{"href":"https:\/\/mactravel.com.uy\/index.php?rest_route=%2Fwp%2Fv2%2Fmedia&parent=20288"}],"wp:term":[{"taxonomy":"product_brand","embeddable":true,"href":"https:\/\/mactravel.com.uy\/index.php?rest_route=%2Fwp%2Fv2%2Fproduct_brand&post=20288"},{"taxonomy":"product_cat","embeddable":true,"href":"https:\/\/mactravel.com.uy\/index.php?rest_route=%2Fwp%2Fv2%2Fproduct_cat&post=20288"},{"taxonomy":"product_tag","embeddable":true,"href":"https:\/\/mactravel.com.uy\/index.php?rest_route=%2Fwp%2Fv2%2Fproduct_tag&post=20288"}],"curies":[{"name":"wp","href":"https:\/\/api.w.org\/{rel}","templated":true}]}}