{"id":20136,"date":"2026-02-26T12:42:13","date_gmt":"2026-02-26T12:42:13","guid":{"rendered":"https:\/\/mactravel.com.uy\/?post_type=product&#038;p=20136"},"modified":"2026-05-05T18:39:20","modified_gmt":"2026-05-05T18:39:20","slug":"miradas-de-la-india-9-dias","status":"publish","type":"product","link":"https:\/\/mactravel.com.uy\/?product=miradas-de-la-india-9-dias","title":{"rendered":"Miradas de la India &#8211; 9 d\u00edas"},"content":{"rendered":"<div class=\"flex flex-col text-sm pb-25\">\n<section class=\"text-token-text-primary w-full focus:outline-none [--shadow-height:45px] has-data-writing-block:pointer-events-none has-data-writing-block:-mt-(--shadow-height) has-data-writing-block:pt-(--shadow-height) [&amp;:has([data-writing-block])&gt;*]:pointer-events-auto scroll-mt-[calc(var(--header-height)+min(200px,max(70px,20svh)))]\" dir=\"auto\" data-turn-id=\"request-WEB:440823ad-206e-4fef-814e-ceb4e4f98e71-23\" data-testid=\"conversation-turn-20\" data-scroll-anchor=\"true\" data-turn=\"assistant\">\n<div class=\"text-base my-auto mx-auto pb-10 [--thread-content-margin:var(--thread-content-margin-xs,calc(var(--spacing)*4))] @w-sm\/main:[--thread-content-margin:var(--thread-content-margin-sm,calc(var(--spacing)*6))] @w-lg\/main:[--thread-content-margin:var(--thread-content-margin-lg,calc(var(--spacing)*16))] px-(--thread-content-margin)\">\n<div class=\"[--thread-content-max-width:40rem] @w-lg\/main:[--thread-content-max-width:48rem] mx-auto max-w-(--thread-content-max-width) flex-1 group\/turn-messages focus-visible:outline-hidden relative flex w-full min-w-0 flex-col agent-turn\">\n<div class=\"flex max-w-full flex-col gap-4 grow\">\n<div class=\"min-h-8 text-message relative flex w-full flex-col items-end gap-2 text-start break-words whitespace-normal outline-none keyboard-focused:focus-ring [.text-message+&amp;]:mt-1\" dir=\"auto\" tabindex=\"0\" data-message-author-role=\"assistant\" data-message-id=\"f604b45d-ce3b-4293-b0d5-3214ebc19bd2\" data-message-model-slug=\"gpt-5-3\" data-turn-start-message=\"true\">\n<div class=\"flex w-full flex-col gap-1 empty:hidden\">\n<div class=\"markdown prose dark:prose-invert w-full wrap-break-word light markdown-new-styling\">\n<p data-start=\"0\" data-end=\"57\"><strong data-start=\"0\" data-end=\"57\">Miradas de La India: Cultura y Patrimonio en el Norte<\/strong><\/p>\n<p data-start=\"59\" data-end=\"241\">Miradas de La India es un recorrido completo por el norte del pa\u00eds que combina el cl\u00e1sico Tri\u00e1ngulo de Oro con destinos de alto valor cultural y espiritual como Khajuraho y Varanasi.<\/p>\n<p data-start=\"243\" data-end=\"416\">Este itinerario de 8 noches permite descubrir el Taj Mahal, fortalezas rajput, templos Patrimonio de la Humanidad y vivir la experiencia \u00fanica del amanecer en el r\u00edo Ganges.<\/p>\n<p data-start=\"418\" data-end=\"510\">Es un programa ideal para viajeros que buscan una inmersi\u00f3n cultural profunda y equilibrada.<\/p>\n<hr data-start=\"512\" data-end=\"515\" \/>\n<h3 data-section-id=\"jzy5r7\" data-start=\"517\" data-end=\"585\">\ud83c\udfdb\ufe0f Delhi en India: Historia y Modernidad en la capital del pa\u00eds<\/h3>\n<p data-start=\"587\" data-end=\"692\">El viaje comienza en Delhi, capital vibrante que mezcla pasado y presente. Durante la visita se recorren:<\/p>\n<p data-start=\"694\" data-end=\"778\">Jama Masjid<br data-start=\"705\" data-end=\"708\" \/>Raj Ghat<br data-start=\"716\" data-end=\"719\" \/>Puerta de la India<br data-start=\"737\" data-end=\"740\" \/>Rashtrapati Bhavan<br data-start=\"758\" data-end=\"761\" \/>Plaza Connaught<\/p>\n<p data-start=\"780\" data-end=\"864\">Delhi ofrece una primera mirada a la diversidad hist\u00f3rica y arquitect\u00f3nica del pa\u00eds.<\/p>\n<hr data-start=\"866\" data-end=\"869\" \/>\n<h3 data-section-id=\"1vu9i1p\" data-start=\"871\" data-end=\"939\">\ud83c\udfa8 Jaipur en India: La Ciudad Rosa del Rajast\u00e1n y su legado real<\/h3>\n<p data-start=\"941\" data-end=\"1050\">Jaipur representa el esplendor de los antiguos maharaj\u00e1s y su arquitectura rosada caracter\u00edstica. Se visitan:<\/p>\n<p data-start=\"1052\" data-end=\"1133\">Fuerte Amber<br data-start=\"1064\" data-end=\"1067\" \/>Palacio de la Ciudad<br data-start=\"1087\" data-end=\"1090\" \/>Jantar Mantar<br data-start=\"1103\" data-end=\"1106\" \/>Hawa Mahal<br data-start=\"1116\" data-end=\"1119\" \/>Templo Birla<\/p>\n<p data-start=\"1135\" data-end=\"1190\">La ciudad combina historia, artesan\u00eda y tradici\u00f3n viva.<\/p>\n<hr data-start=\"1192\" data-end=\"1195\" \/>\n<h3 data-section-id=\"d8rqz6\" data-start=\"1197\" data-end=\"1258\">\ud83d\udd4c Agra en India: El Taj Mahal y el legado imperial mogol<\/h3>\n<p data-start=\"1260\" data-end=\"1355\">Agra alberga el monumento m\u00e1s ic\u00f3nico del subcontinente: el Taj Mahal, s\u00edmbolo eterno del amor.<\/p>\n<p data-start=\"1357\" data-end=\"1450\">Tambi\u00e9n se visita el Fuerte de Agra y, en ruta, el impresionante pozo escalonado de Abhaneri.<\/p>\n<hr data-start=\"1452\" data-end=\"1455\" \/>\n<h3 data-section-id=\"s2rt2m\" data-start=\"1457\" data-end=\"1534\">\ud83d\uded5 Khajuraho en India: Arte medieval y templos Patrimonio de la Humanidad<\/h3>\n<p data-start=\"1536\" data-end=\"1707\">Khajuraho es famoso por sus templos esculpidos, declarados Patrimonio de la Humanidad por la UNESCO. Sus esculturas muestran el refinamiento cultural de la \u00e9poca medieval.<\/p>\n<hr data-start=\"1709\" data-end=\"1712\" \/>\n<h3 data-section-id=\"ayoiyn\" data-start=\"1714\" data-end=\"1789\">\ud83c\udf05 Varanasi en India: Espiritualidad milenaria a orillas del r\u00edo Ganges<\/h3>\n<p data-start=\"1791\" data-end=\"1890\">Varanasi es una de las ciudades habitadas m\u00e1s antiguas del mundo y centro espiritual del hinduismo.<\/p>\n<p data-start=\"1892\" data-end=\"1927\">Aqu\u00ed se vive una experiencia \u00fanica:<\/p>\n<p data-start=\"1929\" data-end=\"2047\">Paseo en barco al amanecer por el r\u00edo Ganges<br data-start=\"1973\" data-end=\"1976\" \/>Ceremonias religiosas en los ghats<br data-start=\"2010\" data-end=\"2013\" \/>Recorrido por templos hist\u00f3ricos<\/p>\n<p data-start=\"2049\" data-end=\"2112\">Este destino aporta una dimensi\u00f3n espiritual profunda al viaje.<\/p>\n<hr data-start=\"2114\" data-end=\"2117\" \/>\n<h3 data-section-id=\"h3mwsi\" data-start=\"2119\" data-end=\"2191\">\u2728 \u00bfPor qu\u00e9 elegir Miradas de La India? Experiencia cultural completa<\/h3>\n<p data-start=\"2193\" data-end=\"2349\">Incluye el Tri\u00e1ngulo de Oro ampliado<br data-start=\"2229\" data-end=\"2232\" \/>Combina monumentos y espiritualidad<br data-start=\"2267\" data-end=\"2270\" \/>Experiencia aut\u00e9ntica en el Ganges<br data-start=\"2304\" data-end=\"2307\" \/>Ideal para viajeros culturales exigentes<\/p>\n<p data-start=\"2351\" data-end=\"2438\" data-is-last-node=\"\" data-is-only-node=\"\">Es un programa equilibrado de 9 d\u00edas que ofrece una visi\u00f3n completa del norte del pa\u00eds.<\/p>\n<\/div>\n<\/div>\n<\/div>\n<\/div>\n<div class=\"z-0 flex min-h-[46px] justify-start\"><\/div>\n<div class=\"mt-3 w-full empty:hidden\">\n<div class=\"text-center\"><\/div>\n<\/div>\n<\/div>\n<\/div>\n<\/section>\n<\/div>\n<div class=\"pointer-events-none h-px w-px absolute bottom-0\" aria-hidden=\"true\" data-edge=\"true\"><\/div>\n<h3 style=\"text-align: center;\" data-start=\"3055\" data-end=\"3142\"><\/h3>\n<h3 style=\"text-align: center;\">Complet\u00e1 tus datos para recibir m\u00e1s informaci\u00f3n<\/h3>\n<p style=\"text-align: center;\"><div class='fluentform ff-default fluentform_wrapper_6 ffs_default_wrap'><form data-form_id=\"6\" id=\"fluentform_6\" class=\"frm-fluent-form fluent_form_6 ff-el-form-top ff_form_instance_6_1 ff-form-loading ffs_default\" data-form_instance=\"ff_form_instance_6_1\" method=\"POST\" ><fieldset  style=\"border: none!important;margin: 0!important;padding: 0!important;background-color: transparent!important;box-shadow: none!important;outline: none!important; min-inline-size: 100%;\">\n                    <legend class=\"ff_screen_reader_title\" style=\"display: block; margin: 0!important;padding: 0!important;height: 0!important;text-indent: -999999px;width: 0!important;overflow:hidden;\">formulario leads<\/legend><p style=\"display: none !important;\" class=\"akismet-fields-container\" data-prefix=\"ak_\"><label>&#916;<textarea name=\"ak_hp_textarea\" cols=\"45\" rows=\"8\" maxlength=\"100\"><\/textarea><\/label><input type=\"hidden\" id=\"ak_js_1\" name=\"ak_js\" value=\"182\"\/><script>\ndocument.getElementById( \"ak_js_1\" ).setAttribute( \"value\", ( new Date() ).getTime() );\n<\/script>\n<\/p><input type='hidden' name='__fluent_form_embded_post_id' value='20136' \/><input type=\"hidden\" id=\"_fluentform_6_fluentformnonce\" name=\"_fluentform_6_fluentformnonce\" value=\"8e449ed082\" \/><input type=\"hidden\" name=\"_wp_http_referer\" value=\"\/index.php?rest_route=%2Fwp%2Fv2%2Fproduct%2F20136\" \/><div data-type=\"name-element\" data-name=\"names\" class=\" ff-field_container ff-name-field-wrapper\" ><div class='ff-t-container'><div class='ff-t-cell '><div class='ff-el-group ff-el-form-top'><div class=\"ff-el-input--label ff-el-is-required asterisk-right\"><label for='ff_6_names_first_name_' id='label_ff_6_names_first_name_' >Nombre<\/label><\/div><div class='ff-el-input--content'><input type=\"text\" name=\"names[first_name]\" id=\"ff_6_names_first_name_\" class=\"ff-el-form-control\" placeholder=\"Introduce tu nombre\" aria-invalid=\"false\" aria-required=true><\/div><\/div><\/div><div class='ff-t-cell '><div class='ff-el-group ff-el-form-top'><div class=\"ff-el-input--label asterisk-right\"><label for='ff_6_names_last_name_' id='label_ff_6_names_last_name_' >Apellidos<\/label><\/div><div class='ff-el-input--content'><input type=\"text\" name=\"names[last_name]\" id=\"ff_6_names_last_name_\" class=\"ff-el-form-control\" placeholder=\"Introduce tus apellidos\" aria-invalid=\"false\" aria-required=false><\/div><\/div><\/div><\/div><\/div><div class='ff-el-group'><div class=\"ff-el-input--label ff-el-is-required asterisk-right\"><label for='ff_6_email' id='label_ff_6_email' aria-label=\"Email\">Email<\/label><\/div><div class='ff-el-input--content'><input type=\"email\" name=\"email\" id=\"ff_6_email\" class=\"ff-el-form-control\" placeholder=\"Direcci\u00f3n de Correo Electr\u00f3nico\" data-name=\"email\"  aria-invalid=\"false\" aria-required=true><\/div><\/div><div class='ff-el-group'><div class=\"ff-el-input--label ff-el-is-required asterisk-right\"><label for='ff_6_smart_phone_field' id='label_ff_6_smart_phone_field' aria-label=\"Celular\">Celular<\/label><\/div><div class='ff-el-input--content'><div class='ff-el-spf--content'><span class='spf-phone error-msg hide'><\/span><span class='spf-phone valid-msg hide'><\/span><input name=\"smart_phone_field\" class=\"ff-el-form-control ff-el-spf-input\" type=\"tel\" data-name=\"smart_phone_field\" id=\"ff_6_smart_phone_field\"  aria-invalid='false' aria-required=true \/><\/div><\/div><\/div><div class='ff-el-group'><div class=\"ff-el-input--label asterisk-right\"><label for='ff_6_multi_select' id='label_ff_6_multi_select' aria-label=\"\u00bfCu\u00e1ntas personas viajar\u00edan?\">\u00bfCu\u00e1ntas personas viajar\u00edan?<\/label><\/div><div class='ff-el-input--content'><select name=\"multi_select[]\" id=\"ff_6_multi_select\" class=\"ff-el-form-control  ff_has_multi_select\" multiple=\"1\" data-name=\"multi_select\" data-calc_value=\"0\"  aria-invalid=\"false\" aria-required=\"false\" aria-labelledby=\"label_ff_6_multi_select\"><option value=\"Solo\/a\"  >Solo\/a<\/option><option value=\"Con Acompa\u00f1ante\"  >Con Acompa\u00f1ante<\/option><option value=\"Familia\/Grupo\"  >Familia\/Grupo<\/option><\/select><\/div><\/div><div class='ff-el-group'><div class=\"ff-el-input--label asterisk-right\"><label for='ff_6_dropdown' id='label_ff_6_dropdown' aria-label=\"\u00bfC\u00f3mo deseas avanzar con la reserva?\">\u00bfC\u00f3mo deseas avanzar con la reserva?<\/label><\/div><div class='ff-el-input--content'><select name=\"dropdown\" id=\"ff_6_dropdown\" class=\"ff-el-form-control\" data-name=\"dropdown\" data-calc_value=\"0\"  aria-invalid=\"false\" aria-required=\"false\" aria-labelledby=\"label_ff_6_dropdown\"><option value=\"\">- Seleccione una opci\u00f3n -<\/option><option value=\"Quiero reservar y asegurar mi lugar\"  >Quiero reservar y asegurar mi lugar<\/option><option value=\"Quiero recibir cotizaci\u00f3n final antes de pagar\"  >Quiero recibir cotizaci\u00f3n final antes de pagar<\/option><\/select><\/div><\/div><div class='ff-el-group'><div class=\"ff-el-input--label ff-el-is-required asterisk-right\"><label for='ff_6_input_text' id='label_ff_6_input_text' aria-label=\"Notas\">Notas<\/label><\/div><div class='ff-el-input--content'><input type=\"text\" name=\"input_text\" class=\"ff-el-form-control\" placeholder=\"Datos Extra para Mac Travel\" data-name=\"input_text\" id=\"ff_6_input_text\"  aria-invalid=\"false\" aria-required=true><\/div><\/div><div class='ff-el-group ff-text-center ff_submit_btn_wrapper'><button type=\"submit\" class=\"ff-btn ff-btn-submit ff-btn-lg ff_btn_style\"  aria-label=\"Quiero Viajar\">Quiero Viajar<\/button><\/div><\/fieldset><\/form><div id='fluentform_6_errors' class='ff-errors-in-stack ff_form_instance_6_1 ff-form-loading_errors ff_form_instance_6_1_errors'><\/div><\/div>            <script type=\"text\/javascript\">\n                window.fluent_form_ff_form_instance_6_1 = {\"id\":\"6\",\"ajaxUrl\":\"https:\\\/\\\/mactravel.com.uy\\\/wp-admin\\\/admin-ajax.php\",\"settings\":{\"layout\":{\"labelPlacement\":\"top\",\"asteriskPlacement\":\"asterisk-right\",\"helpMessagePlacement\":\"with_label\",\"errorMessagePlacement\":\"inline\",\"cssClassName\":\"\"},\"restrictions\":{\"denyEmptySubmission\":{\"enabled\":false}}},\"form_instance\":\"ff_form_instance_6_1\",\"form_id_selector\":\"fluentform_6\",\"rules\":{\"names[first_name]\":{\"required\":{\"value\":true,\"message\":\"Este campo es obligatorio\",\"global_message\":\"Este campo es obligatorio\",\"global\":true}},\"names[middle_name]\":{\"required\":{\"value\":false,\"message\":\"Este campo es obligatorio\",\"global_message\":\"Este campo es obligatorio\",\"global\":true}},\"names[last_name]\":{\"required\":{\"value\":false,\"message\":\"Este campo es obligatorio\",\"global_message\":\"Este campo es obligatorio\",\"global\":true}},\"email\":{\"required\":{\"value\":true,\"message\":\"Este campo es obligatorio\",\"global_message\":\"Este campo es obligatorio\",\"global\":true},\"email\":{\"value\":true,\"message\":\"Este campo debe contener un correo electr\\u00f3nico v\\u00e1lido\",\"global_message\":\"Este campo debe contener un correo electr\\u00f3nico v\\u00e1lido\",\"global\":true}},\"smart_phone_field\":{\"required\":{\"value\":true,\"message\":\"Este campo es obligatorio.\",\"global\":false,\"global_message\":\"Este campo es obligatorio\"},\"validate_number\":{\"value\":false,\"message\":\"Phone number is not valid\",\"global\":false,\"global_message\":\"\"}},\"multi_select\":{\"required\":{\"value\":false,\"message\":\"Este campo es obligatorio\",\"global_message\":\"Este campo es obligatorio\",\"global\":true}},\"dropdown\":{\"required\":{\"value\":false,\"message\":\"Este campo es obligatorio\",\"global_message\":\"Este campo es obligatorio\",\"global\":true}},\"input_text\":{\"required\":{\"value\":true,\"message\":\"Este campo es obligatorio\",\"global_message\":\"Este campo es obligatorio\",\"global\":true}}},\"debounce_time\":300};\n                            <\/script>\n            <\/p>\n","protected":false},"excerpt":{"rendered":"<p>Miradas de La India es un viaje cultural de 9 d\u00edas por Delhi, Jaipur, Agra, Khajuraho y Varanasi con Taj Mahal y paseo por el Ganges.<\/p>\n<p>M-TRI 004<\/p>\n","protected":false},"featured_media":20137,"comment_status":"closed","ping_status":"closed","template":"","meta":{"om_disable_all_campaigns":false,"_monsterinsights_skip_tracking":false,"_monsterinsights_sitenote_active":false,"_monsterinsights_sitenote_note":"","_monsterinsights_sitenote_category":0},"product_brand":[],"product_cat":[401,134,153],"product_tag":[],"class_list":{"0":"post-20136","1":"product","2":"type-product","3":"status-publish","4":"has-post-thumbnail","6":"product_cat-401","7":"product_cat-asia-lejano-oriente","8":"product_cat-india","10":"first","11":"instock","12":"shipping-taxable","13":"product-type-simple"},"aioseo_notices":[],"featured_media_urls":{"thumbnail":["https:\/\/mactravel.com.uy\/wp-content\/uploads\/2026\/02\/srivatsan-balaji-T5s48osIQTU-unsplash-150x150.jpg",150,150,true],"medium":["https:\/\/mactravel.com.uy\/wp-content\/uploads\/2026\/02\/srivatsan-balaji-T5s48osIQTU-unsplash-225x300.jpg",225,300,true],"medium_large":["https:\/\/mactravel.com.uy\/wp-content\/uploads\/2026\/02\/srivatsan-balaji-T5s48osIQTU-unsplash-scaled.jpg",768,1024,false],"large":["https:\/\/mactravel.com.uy\/wp-content\/uploads\/2026\/02\/srivatsan-balaji-T5s48osIQTU-unsplash-768x1024.jpg",768,1024,true],"1536x1536":["https:\/\/mactravel.com.uy\/wp-content\/uploads\/2026\/02\/srivatsan-balaji-T5s48osIQTU-unsplash-scaled-1152x1536.jpg",1152,1536,true],"2048x2048":["https:\/\/mactravel.com.uy\/wp-content\/uploads\/2026\/02\/srivatsan-balaji-T5s48osIQTU-unsplash-scaled-1536x2048.jpg",1536,2048,true],"inspiro-featured-image":["https:\/\/mactravel.com.uy\/wp-content\/uploads\/2026\/02\/srivatsan-balaji-T5s48osIQTU-unsplash-2000x2667.jpg",2000,2667,true],"inspiro-loop":["https:\/\/mactravel.com.uy\/wp-content\/uploads\/2026\/02\/srivatsan-balaji-T5s48osIQTU-unsplash-950x320.jpg",950,320,true],"inspiro-loop@2x":["https:\/\/mactravel.com.uy\/wp-content\/uploads\/2026\/02\/srivatsan-balaji-T5s48osIQTU-unsplash-1900x640.jpg",1900,640,true],"woocommerce_thumbnail":["https:\/\/mactravel.com.uy\/wp-content\/uploads\/2026\/02\/srivatsan-balaji-T5s48osIQTU-unsplash-scaled-300x300.jpg",300,300,true],"woocommerce_single":["https:\/\/mactravel.com.uy\/wp-content\/uploads\/2026\/02\/srivatsan-balaji-T5s48osIQTU-unsplash-scaled-600x800.jpg",600,800,true],"woocommerce_gallery_thumbnail":["https:\/\/mactravel.com.uy\/wp-content\/uploads\/2026\/02\/srivatsan-balaji-T5s48osIQTU-unsplash-scaled-100x100.jpg",100,100,true],"portfolio_item-thumbnail":["https:\/\/mactravel.com.uy\/wp-content\/uploads\/2026\/02\/srivatsan-balaji-T5s48osIQTU-unsplash-scaled-600x400.jpg",600,400,true],"portfolio_item-thumbnail@2x":["https:\/\/mactravel.com.uy\/wp-content\/uploads\/2026\/02\/srivatsan-balaji-T5s48osIQTU-unsplash-scaled-1200x800.jpg",1200,800,true],"portfolio_item-masonry":["https:\/\/mactravel.com.uy\/wp-content\/uploads\/2026\/02\/srivatsan-balaji-T5s48osIQTU-unsplash-scaled-600x800.jpg",600,800,true],"portfolio_item-masonry@2x":["https:\/\/mactravel.com.uy\/wp-content\/uploads\/2026\/02\/srivatsan-balaji-T5s48osIQTU-unsplash-scaled-1200x1600.jpg",1200,1600,true],"portfolio_item-thumbnail_cinema":["https:\/\/mactravel.com.uy\/wp-content\/uploads\/2026\/02\/srivatsan-balaji-T5s48osIQTU-unsplash-scaled-800x335.jpg",800,335,true],"portfolio_item-thumbnail_portrait":["https:\/\/mactravel.com.uy\/wp-content\/uploads\/2026\/02\/srivatsan-balaji-T5s48osIQTU-unsplash-scaled-600x900.jpg",600,900,true],"portfolio_item-thumbnail_portrait@2x":["https:\/\/mactravel.com.uy\/wp-content\/uploads\/2026\/02\/srivatsan-balaji-T5s48osIQTU-unsplash-scaled-1200x1800.jpg",1200,1800,true],"portfolio_item-thumbnail_square":["https:\/\/mactravel.com.uy\/wp-content\/uploads\/2026\/02\/srivatsan-balaji-T5s48osIQTU-unsplash-scaled-800x800.jpg",800,800,true]},"_links":{"self":[{"href":"https:\/\/mactravel.com.uy\/index.php?rest_route=\/wp\/v2\/product\/20136","targetHints":{"allow":["GET"]}}],"collection":[{"href":"https:\/\/mactravel.com.uy\/index.php?rest_route=\/wp\/v2\/product"}],"about":[{"href":"https:\/\/mactravel.com.uy\/index.php?rest_route=\/wp\/v2\/types\/product"}],"replies":[{"embeddable":true,"href":"https:\/\/mactravel.com.uy\/index.php?rest_route=%2Fwp%2Fv2%2Fcomments&post=20136"}],"wp:featuredmedia":[{"embeddable":true,"href":"https:\/\/mactravel.com.uy\/index.php?rest_route=\/wp\/v2\/media\/20137"}],"wp:attachment":[{"href":"https:\/\/mactravel.com.uy\/index.php?rest_route=%2Fwp%2Fv2%2Fmedia&parent=20136"}],"wp:term":[{"taxonomy":"product_brand","embeddable":true,"href":"https:\/\/mactravel.com.uy\/index.php?rest_route=%2Fwp%2Fv2%2Fproduct_brand&post=20136"},{"taxonomy":"product_cat","embeddable":true,"href":"https:\/\/mactravel.com.uy\/index.php?rest_route=%2Fwp%2Fv2%2Fproduct_cat&post=20136"},{"taxonomy":"product_tag","embeddable":true,"href":"https:\/\/mactravel.com.uy\/index.php?rest_route=%2Fwp%2Fv2%2Fproduct_tag&post=20136"}],"curies":[{"name":"wp","href":"https:\/\/api.w.org\/{rel}","templated":true}]}}