{"id":17385,"date":"2025-04-03T17:26:23","date_gmt":"2025-04-03T17:26:23","guid":{"rendered":"https:\/\/mactravel.com.uy\/?post_type=product&#038;p=17385"},"modified":"2025-04-03T17:26:23","modified_gmt":"2025-04-03T17:26:23","slug":"uranus-13-dias","status":"publish","type":"product","link":"https:\/\/mactravel.com.uy\/?product=uranus-13-dias","title":{"rendered":"URANUS &#8211; 13 D\u00cdAS"},"content":{"rendered":"<p><strong>D\u00cdA 01: ATENAS<\/strong><\/p>\n<p>Llegada, encuentro con nuestro representante de Mac Travel y traslado al hotel.<\/p>\n<p><strong>D\u00cdA 02: ATENAS<\/strong><br \/>\nSalida por la ma\u00f1ana para una visita panor\u00e1mica del centro de la capital griega y los puntos de inter\u00e9s m\u00e1s importantes de la ciudad: el Parlamento, la Universidad, la Biblioteca y la Academia Nacional, el Palacio de Ilion, el Templo de Zeus, la Puerta de Adriano, el Estadio Panaten\u00e1ico y otros monumentos. El tour termina en la majestuosa Acr\u00f3polis. Regreso al hotel.<\/p>\n<p><strong>D\u00cdA 03: ATENAS I ZAKYNTHOS<\/strong><\/p>\n<p>En el horario indicado, traslado al aeropuerto para embarcar en su vuelo con destino a la isla de Zakynthos (pasaje a\u00e9reo no incluido). Recepci\u00f3n y traslado al hotel.<\/p>\n<p><strong>D\u00cdAS 04 &amp; 05: ZAKYNTHOS<\/strong><br \/>\nD\u00edas libres en esta maravillosa isla j\u00f3nica, tambi\u00e9n conocida como Zante. Disfrute de la sensacional gastronom\u00eda, la hermos\u00edsima naturaleza, sus playas y las fenomenales cuevas azules.<\/p>\n<p><strong>D\u00cdA 06: ZAKYNTHOS I SANTORINI (V\u00cdA ATENAS)<\/strong><\/p>\n<p>En el horario indicado, traslado al aeropuerto para embarcar en su vuelo con destino a la m\u00e1gica isla de Santorini (v\u00eda Atenas &#8211; pasaje a\u00e9reo no incluido). Recepci\u00f3n y traslado al hotel.<\/p>\n<p><strong>D\u00cdAS 07 &amp; 08: SANTORINI<\/strong><\/p>\n<p>D\u00edas libres en esta fascinante isla, considerada por muchos como el continente de la Atl\u00e1ntida perdida. Existe la posibilidad de realizar un paseo opcional en velero para nadar y bucear en las aguas termales, en la Playa Roja o en la Playa Blanca. Este paseo incluye cena y bebidas seleccionadas.<\/p>\n<p><strong>D\u00cdA 09: SANTORINI I MYKONOS<\/strong><br \/>\nA la hora indicada, traslado al puerto y embarque en el ferry r\u00e1pido con destino a la isla de Mykonos. Recepci\u00f3n y traslado al hotel.<\/p>\n<p><strong>D\u00cdAS 10 &amp; 11: MYKONOS<\/strong><br \/>\nD\u00edas libres en esta fabulosa isla. Un lugar de contrastes, Mykonos es un destino internacional de famosos. Sus playas maravillosas, tiendas deslumbrantes y una vida nocturna incomparable contribuyen a su fama.<\/p>\n<p><strong>D\u00cdA 12: MYKONOS I ATENAS<\/strong><br \/>\nA la hora indicada, traslado al puerto y embarque en el barco convencional para su regreso a Atenas. Recepci\u00f3n y traslado al hotel.<\/p>\n<p><strong>D\u00cdA 13: ATENAS I AEROPUERTO<\/strong><br \/>\nDe acuerdo con el horario de su vuelo de salida, encuentro en la recepci\u00f3n de su hotel con nuestro representante y traslado al Aeropuerto Internacional de Atenas.<\/p>\n<p><strong>INCLUYE:<\/strong><\/p>\n<ul>\n<li>3 noches de alojamiento en Atenas<\/li>\n<li>3 noches de alojamiento en Zakynthos<\/li>\n<li>3 noches de alojamiento en Santorini<\/li>\n<li>3 noches de alojamiento en Mykonos<\/li>\n<li>Tour regular de medio d\u00eda en Atenas, incluyendo la Acr\u00f3polis<\/li>\n<li>Billetes de barco convencional entre<\/li>\n<li>Mykonos \/ El Pireo \u2013 en clase econ\u00f3mica<\/li>\n<li>Billetes de ferry r\u00e1pido entre Santorini \/ Mykonos \u2013 en clase econ\u00f3mica<\/li>\n<li>Gu\u00eda profesional en espa\u00f1ol durante las visitas guiadas<\/li>\n<li>Entradas a los sitios mencionados en el itinerario<\/li>\n<li>Todos los traslados seg\u00fan el itinerario (traslados de llegada y salida en Atenas con asistencia en espa\u00f1ol)<\/li>\n<li>Desayuno diario<\/li>\n<li>Asistencia al pasajero 24\/7 en espa\u00f1ol durante la estancia (v\u00eda WhatsApp)<\/li>\n<\/ul>\n<p class=\"p1\"><b>NO INCLUYE:<\/b><\/p>\n<ul class=\"ul1\">\n<li class=\"li1\">Propinas<\/li>\n<li class=\"li1\">Bebidas, comidas y tours no mencionados anteriormente<\/li>\n<li class=\"li1\">Impuesto hotelero aplicable por habitaci\u00f3n \/ por noche.<span class=\"Apple-converted-space\">\u00a0<\/span><\/li>\n<li class=\"li1\">Suplemento nocturno para los traslados (entre 23:00 y 06:00)<\/li>\n<\/ul>\n<p class=\"p1\"><b>DESDE USD 2010 POR PERSONA EN BASE DOBLE\u00a0<\/b><\/p>\n","protected":false},"excerpt":{"rendered":"<p><span data-sheets-root=\"1\">M-GRG024<\/span><\/p>\n<p>del 15 de Abril al 20 de Octubre de 2025<\/p>\n","protected":false},"featured_media":17357,"comment_status":"closed","ping_status":"closed","template":"","meta":{"om_disable_all_campaigns":false,"_monsterinsights_skip_tracking":false,"_monsterinsights_sitenote_active":false,"_monsterinsights_sitenote_note":"","_monsterinsights_sitenote_category":0},"product_brand":[],"product_cat":[59,276],"product_tag":[],"class_list":{"0":"post-17385","1":"product","2":"type-product","3":"status-publish","4":"has-post-thumbnail","6":"product_cat-europa","7":"product_cat-grecia","9":"first","10":"instock","11":"shipping-taxable","12":"product-type-simple"},"aioseo_notices":[],"featured_media_urls":{"thumbnail":["https:\/\/mactravel.com.uy\/wp-content\/uploads\/2025\/04\/julian-timmerman-d-0aXM8cm6o-unsplash-150x150.jpg",150,150,true],"medium":["https:\/\/mactravel.com.uy\/wp-content\/uploads\/2025\/04\/julian-timmerman-d-0aXM8cm6o-unsplash-300x200.jpg",300,200,true],"medium_large":["https:\/\/mactravel.com.uy\/wp-content\/uploads\/2025\/04\/julian-timmerman-d-0aXM8cm6o-unsplash-scaled.jpg",768,513,false],"large":["https:\/\/mactravel.com.uy\/wp-content\/uploads\/2025\/04\/julian-timmerman-d-0aXM8cm6o-unsplash-1024x684.jpg",950,635,true],"1536x1536":["https:\/\/mactravel.com.uy\/wp-content\/uploads\/2025\/04\/julian-timmerman-d-0aXM8cm6o-unsplash-scaled-1536x1025.jpg",1536,1025,true],"2048x2048":["https:\/\/mactravel.com.uy\/wp-content\/uploads\/2025\/04\/julian-timmerman-d-0aXM8cm6o-unsplash-scaled-2048x1367.jpg",2048,1367,true],"inspiro-featured-image":["https:\/\/mactravel.com.uy\/wp-content\/uploads\/2025\/04\/julian-timmerman-d-0aXM8cm6o-unsplash-2000x1335.jpg",2000,1335,true],"inspiro-loop":["https:\/\/mactravel.com.uy\/wp-content\/uploads\/2025\/04\/julian-timmerman-d-0aXM8cm6o-unsplash-950x320.jpg",950,320,true],"inspiro-loop@2x":["https:\/\/mactravel.com.uy\/wp-content\/uploads\/2025\/04\/julian-timmerman-d-0aXM8cm6o-unsplash-1900x640.jpg",1900,640,true],"woocommerce_thumbnail":["https:\/\/mactravel.com.uy\/wp-content\/uploads\/2025\/04\/julian-timmerman-d-0aXM8cm6o-unsplash-scaled-300x300.jpg",300,300,true],"woocommerce_single":["https:\/\/mactravel.com.uy\/wp-content\/uploads\/2025\/04\/julian-timmerman-d-0aXM8cm6o-unsplash-scaled-600x400.jpg",600,400,true],"woocommerce_gallery_thumbnail":["https:\/\/mactravel.com.uy\/wp-content\/uploads\/2025\/04\/julian-timmerman-d-0aXM8cm6o-unsplash-scaled-100x100.jpg",100,100,true],"portfolio_item-thumbnail":["https:\/\/mactravel.com.uy\/wp-content\/uploads\/2025\/04\/julian-timmerman-d-0aXM8cm6o-unsplash-scaled-600x400.jpg",600,400,true],"portfolio_item-thumbnail@2x":["https:\/\/mactravel.com.uy\/wp-content\/uploads\/2025\/04\/julian-timmerman-d-0aXM8cm6o-unsplash-scaled-1200x800.jpg",1200,800,true],"portfolio_item-masonry":["https:\/\/mactravel.com.uy\/wp-content\/uploads\/2025\/04\/julian-timmerman-d-0aXM8cm6o-unsplash-scaled-600x401.jpg",600,401,true],"portfolio_item-masonry@2x":["https:\/\/mactravel.com.uy\/wp-content\/uploads\/2025\/04\/julian-timmerman-d-0aXM8cm6o-unsplash-scaled-1200x801.jpg",1200,801,true],"portfolio_item-thumbnail_cinema":["https:\/\/mactravel.com.uy\/wp-content\/uploads\/2025\/04\/julian-timmerman-d-0aXM8cm6o-unsplash-scaled-800x335.jpg",800,335,true],"portfolio_item-thumbnail_portrait":["https:\/\/mactravel.com.uy\/wp-content\/uploads\/2025\/04\/julian-timmerman-d-0aXM8cm6o-unsplash-scaled-600x900.jpg",600,900,true],"portfolio_item-thumbnail_portrait@2x":["https:\/\/mactravel.com.uy\/wp-content\/uploads\/2025\/04\/julian-timmerman-d-0aXM8cm6o-unsplash-scaled-1200x1709.jpg",1200,1709,true],"portfolio_item-thumbnail_square":["https:\/\/mactravel.com.uy\/wp-content\/uploads\/2025\/04\/julian-timmerman-d-0aXM8cm6o-unsplash-scaled-800x800.jpg",800,800,true]},"_links":{"self":[{"href":"https:\/\/mactravel.com.uy\/index.php?rest_route=\/wp\/v2\/product\/17385","targetHints":{"allow":["GET"]}}],"collection":[{"href":"https:\/\/mactravel.com.uy\/index.php?rest_route=\/wp\/v2\/product"}],"about":[{"href":"https:\/\/mactravel.com.uy\/index.php?rest_route=\/wp\/v2\/types\/product"}],"replies":[{"embeddable":true,"href":"https:\/\/mactravel.com.uy\/index.php?rest_route=%2Fwp%2Fv2%2Fcomments&post=17385"}],"wp:featuredmedia":[{"embeddable":true,"href":"https:\/\/mactravel.com.uy\/index.php?rest_route=\/wp\/v2\/media\/17357"}],"wp:attachment":[{"href":"https:\/\/mactravel.com.uy\/index.php?rest_route=%2Fwp%2Fv2%2Fmedia&parent=17385"}],"wp:term":[{"taxonomy":"product_brand","embeddable":true,"href":"https:\/\/mactravel.com.uy\/index.php?rest_route=%2Fwp%2Fv2%2Fproduct_brand&post=17385"},{"taxonomy":"product_cat","embeddable":true,"href":"https:\/\/mactravel.com.uy\/index.php?rest_route=%2Fwp%2Fv2%2Fproduct_cat&post=17385"},{"taxonomy":"product_tag","embeddable":true,"href":"https:\/\/mactravel.com.uy\/index.php?rest_route=%2Fwp%2Fv2%2Fproduct_tag&post=17385"}],"curies":[{"name":"wp","href":"https:\/\/api.w.org\/{rel}","templated":true}]}}