{"id":17358,"date":"2025-04-03T13:13:15","date_gmt":"2025-04-03T13:13:15","guid":{"rendered":"https:\/\/mactravel.com.uy\/?post_type=product&#038;p=17358"},"modified":"2025-04-03T15:52:55","modified_gmt":"2025-04-03T15:52:55","slug":"nesoi-11-dias","status":"publish","type":"product","link":"https:\/\/mactravel.com.uy\/?product=nesoi-11-dias","title":{"rendered":"NESOI &#8211; 11 D\u00cdAS"},"content":{"rendered":"<p><strong>D\u00cdA 01: ATENAS<\/strong><\/p>\n<p>Llegada, encuentro con nuestro representante de Mac Travel y traslado al hotel.<\/p>\n<p><strong>D\u00cdA 02: ATENAS<\/strong><br \/>\nSalida por la ma\u00f1ana para una visita panor\u00e1mica del centro de la capital griega y los puntos de inter\u00e9s m\u00e1s importantes de la ciudad: el Parlamento, la Universidad, la Biblioteca y la Academia Nacional, el Palacio de Ilion, el Templo de Zeus, la Puerta de Adriano, el Estadio Panaten\u00e1ico y otros monumentos. El tour termina en la majestuosa Acr\u00f3polis. Regreso al hotel. D\u00cdA 03: ATENAS I MYKONOS En el horario indicado, traslado al puerto de Pireo y embarque en el barco convencional con destino a la isla de Mykonos. Recepci\u00f3n y traslado al hotel.<\/p>\n<p><strong>D\u00cdA 04: MYKONOS<\/strong><br \/>\nD\u00eda libre en esta fabulosa isla. Un lugar de contrastes, Mykonos es un destino internacional de famosos. Sus playas maravillosas, tiendas deslumbrantes y una vida nocturna incomparable contribuyen a su fama.<\/p>\n<p><strong>D\u00cdA 05: MYKONOS I PAROS<\/strong><br \/>\nEn el horario indicado, traslado al puerto y embarque en el ferry r\u00e1pido con destino a la isla de Paros. Recepci\u00f3n y traslado al hotel.<\/p>\n<p><strong>D\u00cdAS 06: PAROS<\/strong><br \/>\nD\u00eda libre en una isla que combina lo mejor de las C\u00edcladas: Paros cautiva con su arquitectura tradicional, su animada vida nocturna, playas paradis\u00edacas, pintorescos pueblos rurales y valiosos monumentos hist\u00f3ricos.<\/p>\n<p><strong>D\u00cdA 07: PAROS I SANTORINI<\/strong><br \/>\nEn el horario indicado, traslado al puerto de Paros y embarque en el ferry r\u00e1pido con destino a la m\u00e1gica isla de Santorini. Recepci\u00f3n y traslado al hotel.<\/p>\n<p><strong>D\u00cdAS 08 &amp; 09: SANTORINI<\/strong><\/p>\n<p>D\u00edas libres en esta fascinante isla, considerada por muchos como el continente de la Atl\u00e1ntida perdida. Existe la posibilidad de realizar un paseo opcional en velero para nadar y bucear en las aguas termales, en la Playa Roja o en la Playa Blanca. Este paseo incluye cena y bebidas seleccionadas.<\/p>\n<p><strong>D\u00cdA 10: SANTORINI I ATENAS<\/strong><br \/>\nEn el horario indicado, traslado al puerto y embarque en el barco convencional para su regreso a Atenas (viaje de aproximadamente 8 horas). Recepci\u00f3n y traslado al hotel.<\/p>\n<p><strong>D\u00cdA 11: ATENAS I AEROPUERTO<\/strong><br \/>\nDe acuerdo con el horario de su vuelo de salida, encuentro en la recepci\u00f3n de su hotel con nuestro representante y traslado al Aeropuerto Internacional de Atenas.<\/p>\n<p><strong>INCLUYE:\u00a0<\/strong><\/p>\n<ul>\n<li>3 noches de alojamiento en Atenas<\/li>\n<li>2 noches de alojamiento en Mykonos<\/li>\n<li>2 noches de alojamiento en Paros<\/li>\n<li>3 noches de alojamiento en Santorini<\/li>\n<li>Tour regular de medio d\u00eda en Atenas, incluyendo la Acr\u00f3polis<\/li>\n<li>Billetes de barco convencional entre El Pireo \/ Mykonos &amp; Santorini \/ El Pireo \u2013 en clase econ\u00f3mica<\/li>\n<li>Billetes de ferry r\u00e1pido entre Mykonos \/ Paros &amp; Paros \/ Santorini \u2013 en clase econ\u00f3mica<\/li>\n<li>Gu\u00eda profesional en espa\u00f1ol durante las visitas guiadas<\/li>\n<li>Entradas a los sitios mencionados en el itinerario<\/li>\n<li>Todos los traslados seg\u00fan el itinerario (traslados de llegada y salida en Atenas con asistencia en espa\u00f1ol)<\/li>\n<li>Desayuno diario<\/li>\n<li>Asistencia al pasajero 24\/7 en espa\u00f1ol durante la estancia (v\u00eda WhatsApp)<\/li>\n<\/ul>\n<p class=\"p1\"><b>NO INCLUYE:<\/b><\/p>\n<ul class=\"ul1\">\n<li class=\"li1\">Propinas<\/li>\n<li class=\"li1\">Bebidas, comidas y tours no mencionados anteriormente<\/li>\n<li class=\"li1\">Impuesto hotelero aplicable por habitaci\u00f3n \/ Por noche<\/li>\n<li class=\"li1\">Suplemento nocturno para los traslados (entre 23:00 y 06:00)<\/li>\n<\/ul>\n<p class=\"p1\"><b>DESDE USD 1998 POR PERSONA EN BASE DOBLE\u00a0<\/b><\/p>\n","protected":false},"excerpt":{"rendered":"<p><span data-sheets-root=\"1\">M-GRG019<\/span><\/p>\n<p>de 15 del Abril al 20 de Octubre de 2025<\/p>\n","protected":false},"featured_media":17359,"comment_status":"closed","ping_status":"closed","template":"","meta":{"om_disable_all_campaigns":false,"_monsterinsights_skip_tracking":false,"_monsterinsights_sitenote_active":false,"_monsterinsights_sitenote_note":"","_monsterinsights_sitenote_category":0},"product_brand":[],"product_cat":[59,276],"product_tag":[],"class_list":{"0":"post-17358","1":"product","2":"type-product","3":"status-publish","4":"has-post-thumbnail","6":"product_cat-europa","7":"product_cat-grecia","9":"first","10":"instock","11":"shipping-taxable","12":"product-type-simple"},"aioseo_notices":[],"featured_media_urls":{"thumbnail":["https:\/\/mactravel.com.uy\/wp-content\/uploads\/2025\/04\/image-3-150x150.jpeg",150,150,true],"medium":["https:\/\/mactravel.com.uy\/wp-content\/uploads\/2025\/04\/image-3-300x198.jpeg",300,198,true],"medium_large":["https:\/\/mactravel.com.uy\/wp-content\/uploads\/2025\/04\/image-3.jpeg",768,506,false],"large":["https:\/\/mactravel.com.uy\/wp-content\/uploads\/2025\/04\/image-3-1024x675.jpeg",950,626,true],"1536x1536":["https:\/\/mactravel.com.uy\/wp-content\/uploads\/2025\/04\/image-3.jpeg",1280,844,false],"2048x2048":["https:\/\/mactravel.com.uy\/wp-content\/uploads\/2025\/04\/image-3.jpeg",1280,844,false],"inspiro-featured-image":["https:\/\/mactravel.com.uy\/wp-content\/uploads\/2025\/04\/image-3.jpeg",1280,844,false],"inspiro-loop":["https:\/\/mactravel.com.uy\/wp-content\/uploads\/2025\/04\/image-3-950x320.jpeg",950,320,true],"inspiro-loop@2x":["https:\/\/mactravel.com.uy\/wp-content\/uploads\/2025\/04\/image-3-1280x640.jpeg",1280,640,true],"woocommerce_thumbnail":["https:\/\/mactravel.com.uy\/wp-content\/uploads\/2025\/04\/image-3-300x300.jpeg",300,300,true],"woocommerce_single":["https:\/\/mactravel.com.uy\/wp-content\/uploads\/2025\/04\/image-3-600x396.jpeg",600,396,true],"woocommerce_gallery_thumbnail":["https:\/\/mactravel.com.uy\/wp-content\/uploads\/2025\/04\/image-3-100x100.jpeg",100,100,true],"portfolio_item-thumbnail":["https:\/\/mactravel.com.uy\/wp-content\/uploads\/2025\/04\/image-3-600x400.jpeg",600,400,true],"portfolio_item-thumbnail@2x":["https:\/\/mactravel.com.uy\/wp-content\/uploads\/2025\/04\/image-3-1200x800.jpeg",1200,800,true],"portfolio_item-masonry":["https:\/\/mactravel.com.uy\/wp-content\/uploads\/2025\/04\/image-3-600x396.jpeg",600,396,true],"portfolio_item-masonry@2x":["https:\/\/mactravel.com.uy\/wp-content\/uploads\/2025\/04\/image-3-1200x791.jpeg",1200,791,true],"portfolio_item-thumbnail_cinema":["https:\/\/mactravel.com.uy\/wp-content\/uploads\/2025\/04\/image-3-800x335.jpeg",800,335,true],"portfolio_item-thumbnail_portrait":["https:\/\/mactravel.com.uy\/wp-content\/uploads\/2025\/04\/image-3-600x844.jpeg",600,844,true],"portfolio_item-thumbnail_portrait@2x":["https:\/\/mactravel.com.uy\/wp-content\/uploads\/2025\/04\/image-3-1200x844.jpeg",1200,844,true],"portfolio_item-thumbnail_square":["https:\/\/mactravel.com.uy\/wp-content\/uploads\/2025\/04\/image-3-800x800.jpeg",800,800,true]},"_links":{"self":[{"href":"https:\/\/mactravel.com.uy\/index.php?rest_route=\/wp\/v2\/product\/17358","targetHints":{"allow":["GET"]}}],"collection":[{"href":"https:\/\/mactravel.com.uy\/index.php?rest_route=\/wp\/v2\/product"}],"about":[{"href":"https:\/\/mactravel.com.uy\/index.php?rest_route=\/wp\/v2\/types\/product"}],"replies":[{"embeddable":true,"href":"https:\/\/mactravel.com.uy\/index.php?rest_route=%2Fwp%2Fv2%2Fcomments&post=17358"}],"wp:featuredmedia":[{"embeddable":true,"href":"https:\/\/mactravel.com.uy\/index.php?rest_route=\/wp\/v2\/media\/17359"}],"wp:attachment":[{"href":"https:\/\/mactravel.com.uy\/index.php?rest_route=%2Fwp%2Fv2%2Fmedia&parent=17358"}],"wp:term":[{"taxonomy":"product_brand","embeddable":true,"href":"https:\/\/mactravel.com.uy\/index.php?rest_route=%2Fwp%2Fv2%2Fproduct_brand&post=17358"},{"taxonomy":"product_cat","embeddable":true,"href":"https:\/\/mactravel.com.uy\/index.php?rest_route=%2Fwp%2Fv2%2Fproduct_cat&post=17358"},{"taxonomy":"product_tag","embeddable":true,"href":"https:\/\/mactravel.com.uy\/index.php?rest_route=%2Fwp%2Fv2%2Fproduct_tag&post=17358"}],"curies":[{"name":"wp","href":"https:\/\/api.w.org\/{rel}","templated":true}]}}